Last updated on 2025-10-22 05:51:18 CEST.
Flavor | Version | Tinstall | Tcheck | Ttotal | Status | Flags |
---|---|---|---|---|---|---|
r-devel-linux-x86_64-debian-clang | 0.1.1 | 6.54 | 47.00 | 53.54 | NOTE | |
r-devel-linux-x86_64-debian-gcc | 0.1.1 | 4.76 | 33.68 | 38.44 | NOTE | |
r-devel-linux-x86_64-fedora-clang | 0.1.1 | 20.00 | 62.25 | 82.25 | NOTE | |
r-devel-linux-x86_64-fedora-gcc | 0.1.1 | 14.00 | 62.84 | 76.84 | NOTE | |
r-devel-windows-x86_64 | 0.1.1 | 8.00 | 60.00 | 68.00 | OK | |
r-patched-linux-x86_64 | 0.1.1 | 6.02 | 43.07 | 49.09 | OK | |
r-release-linux-x86_64 | 0.1.1 | 6.04 | 43.15 | 49.19 | OK | |
r-release-macos-arm64 | 0.1.1 | 3.00 | 34.00 | 37.00 | OK | |
r-release-macos-x86_64 | 0.1.1 | 6.00 | 36.00 | 42.00 | OK | |
r-release-windows-x86_64 | 0.1.1 | 11.00 | 62.00 | 73.00 | OK | |
r-oldrel-macos-arm64 | 0.1.1 | 3.00 | 24.00 | 27.00 | NOTE | |
r-oldrel-macos-x86_64 | 0.1.1 | 5.00 | 33.00 | 38.00 | NOTE | |
r-oldrel-windows-x86_64 | 0.1.1 | 11.00 | 72.00 | 83.00 | NOTE |
Version: 0.1.1
Check: HTML version of manual
Result: NOTE
Found the following HTML validation problems:
on_connection_opened.html:54:1 (on_connection_opened.Rd:14): Warning: missing </ul> before </div>
Flavors: r-devel-linux-x86_64-debian-clang, r-devel-linux-x86_64-debian-gcc
Version: 0.1.1
Check: dependencies in R code
Result: NOTE
Namespaces in Imports field not imported from:
‘igraph’ ‘rlang’ ‘tidyselect’
All declared Imports should be used.
Flavors: r-devel-linux-x86_64-fedora-clang, r-devel-linux-x86_64-fedora-gcc
Version: 0.1.1
Check: LazyData
Result: NOTE
'LazyData' is specified without a 'data' directory
Flavors: r-oldrel-macos-arm64, r-oldrel-macos-x86_64, r-oldrel-windows-x86_64