CRAN Package Check Results for Package netgwas

Last updated on 2025-10-22 05:51:18 CEST.

Flavor Version Tinstall Tcheck Ttotal Status Flags
r-devel-linux-x86_64-debian-clang 1.14.3 10.87 129.37 140.24 NOTE
r-devel-linux-x86_64-debian-gcc 1.14.3 7.28 104.21 111.49 NOTE
r-devel-linux-x86_64-fedora-clang 1.14.3 27.00 185.89 212.89 OK
r-devel-linux-x86_64-fedora-gcc 1.14.3 20.00 187.66 207.66 OK
r-devel-windows-x86_64 1.14.3 11.00 134.00 145.00 NOTE
r-patched-linux-x86_64 1.14.3 11.68 124.28 135.96 NOTE
r-release-linux-x86_64 1.14.3 11.02 123.83 134.85 NOTE
r-release-macos-arm64 1.14.3 5.00 60.00 65.00 OK
r-release-macos-x86_64 1.14.3 9.00 115.00 124.00 OK
r-release-windows-x86_64 1.14.3 13.00 133.00 146.00 NOTE
r-oldrel-macos-arm64 1.14.3 4.00 56.00 60.00 OK
r-oldrel-macos-x86_64 1.14.3 13.00 111.00 124.00 OK
r-oldrel-windows-x86_64 1.14.3 16.00 173.00 189.00 OK

Check Details

Version: 1.14.3
Check: Rd cross-references
Result: NOTE Found the following Rd file(s) with Rd \link{} targets missing package anchors: plot.select.Rd: select Please provide package anchors for all Rd \link{} targets not in the package itself and the base packages. Flavors: r-devel-linux-x86_64-debian-clang, r-devel-linux-x86_64-debian-gcc, r-devel-windows-x86_64, r-patched-linux-x86_64, r-release-linux-x86_64, r-release-windows-x86_64