Last updated on 2025-10-22 05:51:18 CEST.
Flavor | Version | Tinstall | Tcheck | Ttotal | Status | Flags |
---|---|---|---|---|---|---|
r-devel-linux-x86_64-debian-clang | 0.4.1 | 4.14 | 35.68 | 39.82 | NOTE | |
r-devel-linux-x86_64-debian-gcc | 0.4.1 | 2.81 | 27.16 | 29.97 | NOTE | |
r-devel-linux-x86_64-fedora-clang | 0.4.1 | 10.00 | 49.46 | 59.46 | OK | |
r-devel-linux-x86_64-fedora-gcc | 0.4.1 | 70.64 | OK | |||
r-devel-windows-x86_64 | 0.4.1 | 6.00 | 55.00 | 61.00 | OK | |
r-patched-linux-x86_64 | 0.4.1 | 4.45 | 33.65 | 38.10 | OK | |
r-release-linux-x86_64 | 0.4.1 | 3.71 | 33.63 | 37.34 | OK | |
r-release-macos-arm64 | 0.4.1 | 4.00 | 41.00 | 45.00 | OK | |
r-release-macos-x86_64 | 0.4.1 | 3.00 | 68.00 | 71.00 | OK | |
r-release-windows-x86_64 | 0.4.1 | 7.00 | 58.00 | 65.00 | OK | |
r-oldrel-macos-arm64 | 0.4.1 | 2.00 | 31.00 | 33.00 | OK | |
r-oldrel-macos-x86_64 | 0.4.1 | 4.00 | 71.00 | 75.00 | OK | |
r-oldrel-windows-x86_64 | 0.4.1 | 8.00 | 67.00 | 75.00 | OK |
Version: 0.4.1
Check: HTML version of manual
Result: NOTE
Found the following HTML validation problems:
as_treenetdf.Node.html:52:1 (as_treenetdf.Node.Rd:13): Warning: missing </ul> before </div>
as_treenetdf.data.frame.html:79:1 (as_treenetdf.data.frame.Rd:32): Warning: missing </ul> before </div>
as_treenetdf.hclust.html:52:1 (as_treenetdf.hclust.Rd:13): Warning: missing </ul> before </div>
as_treenetdf.igraph.html:57:1 (as_treenetdf.igraph.Rd:16): Warning: missing </ul> before </div>
as_treenetdf.list.html:62:1 (as_treenetdf.list.Rd:19): Warning: missing </ul> before </div>
as_treenetdf.phylo.html:52:1 (as_treenetdf.phylo.Rd:13): Warning: missing </ul> before </div>
as_treenetdf.tbl_graph.html:52:1 (as_treenetdf.tbl_graph.Rd:13): Warning: missing </ul> before </div>
networkD3-shiny.html:92:1 (networkD3-shiny.Rd:63): Warning: missing </ul> before </div>
pkg_installed.html:46:1 (pkg_installed.Rd:10): Warning: missing </ul> before </div>
saveNetwork.html:59:1 (saveNetwork.Rd:17): Warning: missing </ul> before </div>
treeNetwork-shiny.html:68:1 (treeNetwork-shiny.Rd:25): Warning: missing </ul> before </div>
treeNetwork.html:102:1 (treeNetwork.Rd:46): Warning: missing </ul> before </div>
Flavors: r-devel-linux-x86_64-debian-clang, r-devel-linux-x86_64-debian-gcc