Last updated on 2025-10-22 05:51:18 CEST.
Flavor | Version | Tinstall | Tcheck | Ttotal | Status | Flags |
---|---|---|---|---|---|---|
r-devel-linux-x86_64-debian-clang | 1.1.0 | 6.01 | 76.75 | 82.76 | NOTE | |
r-devel-linux-x86_64-debian-gcc | 1.1.0 | 3.52 | 52.76 | 56.28 | NOTE | |
r-devel-linux-x86_64-fedora-clang | 1.1.0 | 15.00 | 110.40 | 125.40 | OK | |
r-devel-linux-x86_64-fedora-gcc | 1.1.0 | 11.00 | 111.77 | 122.77 | OK | |
r-devel-windows-x86_64 | 1.1.0 | 8.00 | 87.00 | 95.00 | OK | |
r-patched-linux-x86_64 | 1.1.0 | 5.87 | 72.48 | 78.35 | OK | |
r-release-linux-x86_64 | 1.1.0 | 4.79 | 72.71 | 77.50 | OK | |
r-release-macos-arm64 | 1.1.0 | 3.00 | 38.00 | 41.00 | OK | |
r-release-macos-x86_64 | 1.1.0 | 4.00 | 65.00 | 69.00 | OK | |
r-release-windows-x86_64 | 1.1.0 | 8.00 | 87.00 | 95.00 | OK | |
r-oldrel-macos-arm64 | 1.1.0 | 3.00 | 39.00 | 42.00 | OK | |
r-oldrel-macos-x86_64 | 1.1.0 | 6.00 | 66.00 | 72.00 | OK | |
r-oldrel-windows-x86_64 | 1.1.0 | 10.00 | 111.00 | 121.00 | OK |
Version: 1.1.0
Check: HTML version of manual
Result: NOTE
Found the following HTML validation problems:
get.inducedSubgraph.networkLite.html:47:1 (get.inducedSubgraph.networkLite.Rd:10): Warning: missing </ul> before </div>
permute.vertexIDs.networkLite.html:47:1 (permute.vertexIDs.networkLite.Rd:10): Warning: missing </ul> before </div>
Flavors: r-devel-linux-x86_64-debian-clang, r-devel-linux-x86_64-debian-gcc