CRAN Package Check Results for Package nftbart

Last updated on 2025-10-22 05:51:18 CEST.

Flavor Version Tinstall Tcheck Ttotal Status Flags
r-devel-linux-x86_64-debian-clang 2.2 26.03 71.63 97.66 NOTE
r-devel-linux-x86_64-debian-gcc 2.2 21.61 51.82 73.43 NOTE
r-devel-linux-x86_64-fedora-clang 2.2 68.00 88.17 156.17 NOTE
r-devel-linux-x86_64-fedora-gcc 2.2 69.00 88.96 157.96 NOTE
r-devel-windows-x86_64 2.2 29.00 103.00 132.00 NOTE
r-patched-linux-x86_64 2.2 31.42 68.89 100.31 NOTE
r-release-linux-x86_64 2.2 27.14 68.75 95.89 NOTE
r-release-macos-arm64 2.2 19.00 32.00 51.00 NOTE
r-release-macos-x86_64 2.2 32.00 66.00 98.00 NOTE
r-release-windows-x86_64 2.2 30.00 97.00 127.00 NOTE
r-oldrel-macos-arm64 2.2 20.00 37.00 57.00 NOTE
r-oldrel-macos-x86_64 2.2 36.00 79.00 115.00 NOTE
r-oldrel-windows-x86_64 2.2 36.00 127.00 163.00 NOTE

Check Details

Version: 2.2
Check: C++ specification
Result: NOTE Specified C++14: please drop specification unless essential Flavors: r-devel-linux-x86_64-debian-clang, r-devel-linux-x86_64-debian-gcc, r-devel-linux-x86_64-fedora-clang, r-devel-linux-x86_64-fedora-gcc, r-devel-windows-x86_64, r-patched-linux-x86_64, r-release-linux-x86_64, r-release-macos-arm64, r-release-macos-x86_64, r-release-windows-x86_64, r-oldrel-macos-arm64, r-oldrel-macos-x86_64, r-oldrel-windows-x86_64