Last updated on 2025-10-22 05:51:18 CEST.
Flavor | Version | Tinstall | Tcheck | Ttotal | Status | Flags |
---|---|---|---|---|---|---|
r-devel-linux-x86_64-debian-clang | 1.10.0 | 6.68 | 58.41 | 65.09 | NOTE | |
r-devel-linux-x86_64-debian-gcc | 1.10.0 | 4.53 | 41.71 | 46.24 | NOTE | |
r-devel-linux-x86_64-fedora-clang | 1.10.0 | 18.00 | 81.52 | 99.52 | OK | |
r-devel-linux-x86_64-fedora-gcc | 1.10.0 | 13.00 | 78.55 | 91.55 | OK | |
r-devel-windows-x86_64 | 1.10.0 | 8.00 | 72.00 | 80.00 | OK | |
r-patched-linux-x86_64 | 1.10.0 | 5.68 | 53.25 | 58.93 | OK | |
r-release-linux-x86_64 | 1.10.0 | 6.59 | 53.79 | 60.38 | OK | |
r-release-macos-arm64 | 1.10.0 | 3.00 | 27.00 | 30.00 | OK | |
r-release-macos-x86_64 | 1.10.0 | 5.00 | 40.00 | 45.00 | OK | |
r-release-windows-x86_64 | 1.10.0 | 9.00 | 71.00 | 80.00 | OK | |
r-oldrel-macos-arm64 | 1.10.0 | 3.00 | 28.00 | 31.00 | OK | |
r-oldrel-macos-x86_64 | 1.10.0 | 4.00 | 41.00 | 45.00 | OK | |
r-oldrel-windows-x86_64 | 1.10.0 | 10.00 | 84.00 | 94.00 | OK |
Version: 1.10.0
Check: HTML version of manual
Result: NOTE
Found the following HTML validation problems:
ngrami.html:54:1 (ngrami.Rd:14): Warning: missing </ul> before </div>
ngramw.html:55:1 (ngramw.Rd:15): Warning: missing </ul> before </div>
Flavors: r-devel-linux-x86_64-debian-clang, r-devel-linux-x86_64-debian-gcc