Last updated on 2025-10-24 04:51:00 CEST.
| Flavor | Version | Tinstall | Tcheck | Ttotal | Status | Flags |
|---|---|---|---|---|---|---|
| r-devel-linux-x86_64-debian-clang | 0.1.2 | 7.93 | 62.95 | 70.88 | OK | |
| r-devel-linux-x86_64-debian-gcc | 0.1.2 | 5.43 | 43.27 | 48.70 | OK | |
| r-devel-linux-x86_64-fedora-clang | 0.1.2 | 23.00 | 85.06 | 108.06 | OK | |
| r-devel-linux-x86_64-fedora-gcc | 0.1.2 | 19.00 | 100.43 | 119.43 | OK | |
| r-devel-windows-x86_64 | 0.1.2 | 11.00 | 95.00 | 106.00 | OK | |
| r-patched-linux-x86_64 | 0.1.2 | 8.96 | 58.24 | 67.20 | OK | |
| r-release-linux-x86_64 | 0.1.2 | 8.25 | 58.48 | 66.73 | OK | |
| r-release-macos-arm64 | 0.1.2 | 5.00 | 38.00 | 43.00 | OK | |
| r-release-macos-x86_64 | 0.1.2 | 7.00 | 106.00 | 113.00 | OK | |
| r-release-windows-x86_64 | 0.1.2 | 12.00 | 94.00 | 106.00 | OK | |
| r-oldrel-macos-arm64 | 0.1.2 | 5.00 | 40.00 | 45.00 | NOTE | |
| r-oldrel-macos-x86_64 | 0.1.2 | 7.00 | 126.00 | 133.00 | NOTE | |
| r-oldrel-windows-x86_64 | 0.1.2 | 14.00 | 104.00 | 118.00 | NOTE |
Version: 0.1.2
Check: installed files from ‘inst/doc’
Result: NOTE
The following files should probably not be installed:
‘nhm-manual.tex’
Consider the use of a .Rinstignore file: see ‘Writing R Extensions’,
or move the vignette sources from ‘inst/doc’ to ‘vignettes’.
Flavors: r-oldrel-macos-arm64, r-oldrel-macos-x86_64, r-oldrel-windows-x86_64