CRAN Package Check Results for Package nhppp

Last updated on 2025-10-22 05:51:18 CEST.

Flavor Version Tinstall Tcheck Ttotal Status Flags
r-devel-linux-x86_64-debian-clang 1.0.2 58.28 167.70 225.98 NOTE
r-devel-linux-x86_64-debian-gcc 1.0.2 36.96 106.41 143.37 NOTE
r-devel-linux-x86_64-fedora-clang 1.0.2 144.00 254.44 398.44 OK
r-devel-linux-x86_64-fedora-gcc 1.0.2 96.00 277.15 373.15 OK
r-devel-windows-x86_64 1.0.2 70.00 281.00 351.00 OK
r-patched-linux-x86_64 1.0.2 58.09 156.49 214.58 OK
r-release-linux-x86_64 1.0.2 57.07 154.79 211.86 OK
r-release-macos-arm64 1.0.2 22.00 76.00 98.00 OK
r-release-macos-x86_64 1.0.2 23.00 189.00 212.00 OK
r-release-windows-x86_64 1.0.2 72.00 193.00 265.00 OK
r-oldrel-macos-arm64 1.0.2 19.00 81.00 100.00 OK
r-oldrel-macos-x86_64 1.0.2 21.00 199.00 220.00 OK
r-oldrel-windows-x86_64 1.0.2 85.00 357.00 442.00 OK

Check Details

Version: 1.0.2
Check: HTML version of manual
Result: NOTE Found the following HTML validation problems: Lambda_exp_form.html:60:1 (Lambda_exp_form.Rd:17): Warning: missing </ul> before </div> Lambda_inv_exp_form.html:58:1 (Lambda_inv_exp_form.Rd:16): Warning: missing </ul> before </div> Lambda_inv_linear_form.html:58:1 (Lambda_inv_linear_form.Rd:16): Warning: missing </ul> before </div> Lambda_linear_form.html:60:1 (Lambda_linear_form.Rd:17): Warning: missing </ul> before </div> vdraw_intensity_step_regular_forcezt.html:116:1 (vdraw_intensity_step_regular_forcezt.Rd:57): Warning: missing </ul> before </div> vztdraw_intensity_step_regular.html:102:1 (vztdraw_intensity_step_regular.Rd:48): Warning: missing </ul> before </div> Flavors: r-devel-linux-x86_64-debian-clang, r-devel-linux-x86_64-debian-gcc