CRAN Package Check Results for Package niarules

Last updated on 2025-10-22 05:51:18 CEST.

Flavor Version Tinstall Tcheck Ttotal Status Flags
r-devel-linux-x86_64-debian-clang 0.3.1 33.77 62.09 95.86 OK
r-devel-linux-x86_64-debian-gcc 0.3.1 27.91 44.83 72.74 OK
r-devel-linux-x86_64-fedora-clang 0.3.1 63.00 89.47 152.47 OK
r-devel-linux-x86_64-fedora-gcc 0.3.1 77.00 82.76 159.76 OK
r-devel-windows-x86_64 0.3.1 54.00 108.00 162.00 OK
r-patched-linux-x86_64 0.3.1 37.57 55.67 93.24 OK
r-release-linux-x86_64 0.3.1 35.98 55.82 91.80 OK
r-release-macos-arm64 0.3.1 16.00 29.00 45.00 OK
r-release-macos-x86_64 0.3.1 22.00 55.00 77.00 OK
r-release-windows-x86_64 0.3.1 42.00 99.00 141.00 OK
r-oldrel-macos-arm64 0.3.1 15.00 34.00 49.00 NOTE
r-oldrel-macos-x86_64 0.3.1 23.00 59.00 82.00 NOTE
r-oldrel-windows-x86_64 0.3.1 49.00 118.00 167.00 OK

Check Details

Version: 0.3.1
Check: installed package size
Result: NOTE installed size is 7.0Mb sub-directories of 1Mb or more: extdata 1.9Mb libs 4.6Mb Flavors: r-oldrel-macos-arm64, r-oldrel-macos-x86_64