Last updated on 2025-10-22 05:51:18 CEST.
Flavor | Version | Tinstall | Tcheck | Ttotal | Status | Flags |
---|---|---|---|---|---|---|
r-devel-linux-x86_64-debian-clang | 1.3.0 | 447.18 | 274.54 | 721.72 | NOTE | |
r-devel-linux-x86_64-debian-gcc | 1.3.0 | 269.58 | 193.74 | 463.32 | NOTE | |
r-devel-linux-x86_64-fedora-clang | 1.3.0 | 1380.00 | -65.21 | 1314.79 | OK | |
r-devel-linux-x86_64-fedora-gcc | 1.3.0 | 960.00 | 208.11 | 1168.11 | OK | |
r-devel-windows-x86_64 | 1.3.0 | 506.00 | 278.00 | 784.00 | OK | |
r-patched-linux-x86_64 | 1.3.0 | 417.76 | 275.84 | 693.60 | OK | |
r-release-linux-x86_64 | 1.3.0 | 418.40 | 277.18 | 695.58 | OK | |
r-release-macos-arm64 | 1.3.0 | 171.00 | 85.00 | 256.00 | OK | |
r-release-macos-x86_64 | 1.3.0 | 394.00 | 214.00 | 608.00 | OK | |
r-release-windows-x86_64 | 1.3.0 | 527.00 | 373.00 | 900.00 | OK | |
r-oldrel-macos-arm64 | 1.3.0 | 151.00 | 86.00 | 237.00 | NOTE | |
r-oldrel-macos-x86_64 | 1.3.0 | 371.00 | 222.00 | 593.00 | NOTE | |
r-oldrel-windows-x86_64 | 1.3.0 | 631.00 | 348.00 | 979.00 | NOTE |
Version: 1.3.0
Check: HTML version of manual
Result: NOTE
Found the following HTML validation problems:
buildAuxiliaryFilter.html:46:1 (buildAuxiliaryFilter.Rd:10): Warning: missing </ul> before </div>
buildBootstrapFilter.html:46:1 (buildBootstrapFilter.Rd:10): Warning: missing </ul> before </div>
buildEnsembleKF.html:46:1 (buildEnsembleKF.Rd:10): Warning: missing </ul> before </div>
buildIteratedFilter2.html:46:1 (buildIteratedFilter2.Rd:10): Warning: missing </ul> before </div>
buildLiuWestFilter.html:46:1 (buildLiuWestFilter.Rd:10): Warning: missing </ul> before </div>
Flavors: r-devel-linux-x86_64-debian-clang, r-devel-linux-x86_64-debian-gcc
Version: 1.3.0
Check: installed package size
Result: NOTE
installed size is 44.3Mb
sub-directories of 1Mb or more:
CppCode 3.5Mb
R 9.1Mb
classic-bugs 1.5Mb
include 11.5Mb
libs 17.9Mb
Flavors: r-oldrel-macos-arm64, r-oldrel-macos-x86_64, r-oldrel-windows-x86_64