Last updated on 2025-07-21 08:50:11 CEST.
Flavor | Version | Tinstall | Tcheck | Ttotal | Status | Flags |
---|---|---|---|---|---|---|
r-devel-linux-x86_64-debian-clang | 0.3.6 | 42.04 | 435.76 | 477.80 | OK | |
r-devel-linux-x86_64-debian-gcc | 0.3.6 | 31.95 | 324.00 | 355.95 | OK | |
r-devel-linux-x86_64-fedora-clang | 0.3.6 | 803.17 | OK | |||
r-devel-linux-x86_64-fedora-gcc | 0.3.6 | 739.38 | OK | |||
r-devel-windows-x86_64 | 0.3.6 | 41.00 | 376.00 | 417.00 | OK | |
r-patched-linux-x86_64 | 0.3.6 | 46.45 | 408.06 | 454.51 | OK | |
r-release-linux-x86_64 | 0.3.6 | 42.16 | 407.11 | 449.27 | OK | |
r-release-macos-arm64 | 0.3.6 | 150.00 | OK | |||
r-release-macos-x86_64 | 0.3.6 | 6.00 | ERROR | |||
r-release-windows-x86_64 | 0.3.6 | 40.00 | 387.00 | 427.00 | OK | |
r-oldrel-macos-arm64 | 0.3.6 | 188.00 | OK | |||
r-oldrel-macos-x86_64 | 0.3.6 | 359.00 | OK | |||
r-oldrel-windows-x86_64 | 0.3.6 | 58.00 | 502.00 | 560.00 | OK |
Version: 0.3.6
Check: package dependencies
Result: ERROR
Package required but not available: ‘MLInterfaces’
See section ‘The DESCRIPTION file’ in the ‘Writing R Extensions’
manual.
Flavor: r-release-macos-x86_64