Last updated on 2025-10-22 05:51:19 CEST.
Flavor | Version | Tinstall | Tcheck | Ttotal | Status | Flags |
---|---|---|---|---|---|---|
r-devel-linux-x86_64-debian-clang | 4.1.1 | 308.54 | 246.62 | 555.16 | NOTE | |
r-devel-linux-x86_64-debian-gcc | 4.1.1 | 205.48 | 160.60 | 366.08 | NOTE | |
r-devel-linux-x86_64-fedora-clang | 4.1.1 | 1140.00 | -130.82 | 1009.18 | OK | |
r-devel-linux-x86_64-fedora-gcc | 4.1.1 | 535.00 | 418.07 | 953.07 | OK | |
r-devel-windows-x86_64 | 4.1.1 | 351.00 | 307.00 | 658.00 | OK | |
r-patched-linux-x86_64 | 4.1.1 | 309.87 | 229.51 | 539.38 | OK | |
r-release-linux-x86_64 | 4.1.1 | 322.47 | 228.28 | 550.75 | OK | |
r-release-macos-arm64 | 4.1.1 | 117.00 | 97.00 | 214.00 | OK | |
r-release-macos-x86_64 | 4.1.1 | 115.00 | 220.00 | 335.00 | OK | |
r-release-windows-x86_64 | 4.1.1 | 248.00 | 306.00 | 554.00 | OK | |
r-oldrel-macos-arm64 | 4.1.1 | 106.00 | 100.00 | 206.00 | NOTE | |
r-oldrel-macos-x86_64 | 4.1.1 | 117.00 | 205.00 | 322.00 | NOTE | |
r-oldrel-windows-x86_64 | 4.1.1 | 429.00 | 368.00 | 797.00 | OK |
Version: 4.1.1
Check: HTML version of manual
Result: NOTE
Found the following HTML validation problems:
dot-nlmixrNlsFunVal.html:48:1 (dot-nlmixrNlsFunVal.Rd:13): Warning: missing </ul> before </div>
Flavors: r-devel-linux-x86_64-debian-clang, r-devel-linux-x86_64-debian-gcc
Version: 4.1.1
Check: installed package size
Result: NOTE
installed size is 22.8Mb
sub-directories of 1Mb or more:
R 2.1Mb
libs 19.6Mb
Flavors: r-oldrel-macos-arm64, r-oldrel-macos-x86_64