Last updated on 2025-10-24 04:51:00 CEST.
| Flavor | Version | Tinstall | Tcheck | Ttotal | Status | Flags |
|---|---|---|---|---|---|---|
| r-devel-linux-x86_64-debian-clang | 2016.3.2 | 3.01 | 39.02 | 42.03 | OK | |
| r-devel-linux-x86_64-debian-gcc | 2016.3.2 | 2.00 | 30.01 | 32.01 | OK | |
| r-devel-linux-x86_64-fedora-clang | 2016.3.2 | 66.52 | OK | |||
| r-devel-linux-x86_64-fedora-gcc | 2016.3.2 | 77.13 | OK | |||
| r-devel-windows-x86_64 | 2016.3.2 | 4.00 | 69.00 | 73.00 | OK | |
| r-patched-linux-x86_64 | 2016.3.2 | 2.81 | 37.49 | 40.30 | OK | |
| r-release-linux-x86_64 | 2016.3.2 | 2.37 | 37.12 | 39.49 | OK | |
| r-release-macos-arm64 | 2016.3.2 | 2.00 | 37.00 | 39.00 | OK | |
| r-release-macos-x86_64 | 2016.3.2 | 3.00 | 62.00 | 65.00 | OK | |
| r-release-windows-x86_64 | 2016.3.2 | 5.00 | 73.00 | 78.00 | OK | |
| r-oldrel-macos-arm64 | 2016.3.2 | 2.00 | 26.00 | 28.00 | NOTE | |
| r-oldrel-macos-x86_64 | 2016.3.2 | 2.00 | 43.00 | 45.00 | NOTE | |
| r-oldrel-windows-x86_64 | 2016.3.2 | 6.00 | 74.00 | 80.00 | OK |
Version: 2016.3.2
Check: package dependencies
Result: NOTE
Packages suggested but not available for checking: 'Rvmmin', 'Rcgmin'
Flavors: r-oldrel-macos-arm64, r-oldrel-macos-x86_64