Last updated on 2025-10-22 05:51:19 CEST.
Flavor | Version | Tinstall | Tcheck | Ttotal | Status | Flags |
---|---|---|---|---|---|---|
r-devel-linux-x86_64-debian-clang | 0.3-0 | 14.53 | 247.07 | 261.60 | NOTE | |
r-devel-linux-x86_64-debian-gcc | 0.3-0 | 11.21 | 152.62 | 163.83 | NOTE | |
r-devel-linux-x86_64-fedora-clang | 0.3-0 | 40.00 | 362.06 | 402.06 | OK | |
r-devel-linux-x86_64-fedora-gcc | 0.3-0 | 33.00 | 354.40 | 387.40 | OK | |
r-devel-windows-x86_64 | 0.3-0 | 15.00 | 219.00 | 234.00 | NOTE | |
r-patched-linux-x86_64 | 0.3-0 | 15.57 | 233.14 | 248.71 | NOTE | |
r-release-linux-x86_64 | 0.3-0 | 10.95 | 231.68 | 242.63 | NOTE | |
r-release-macos-arm64 | 0.3-0 | 6.00 | 83.00 | 89.00 | OK | |
r-release-macos-x86_64 | 0.3-0 | 11.00 | 208.00 | 219.00 | OK | |
r-release-windows-x86_64 | 0.3-0 | 17.00 | 225.00 | 242.00 | NOTE | |
r-oldrel-macos-arm64 | 0.3-0 | 5.00 | 80.00 | 85.00 | OK | |
r-oldrel-macos-x86_64 | 0.3-0 | 8.00 | 132.00 | 140.00 | OK | |
r-oldrel-windows-x86_64 | 0.3-0 | 20.00 | 314.00 | 334.00 | OK |
Version: 0.3-0
Check: Rd cross-references
Result: NOTE
Found the following Rd file(s) with Rd \link{} targets missing package
anchors:
nmarank.Rd: netmeta
Please provide package anchors for all Rd \link{} targets not in the
package itself and the base packages.
Flavors: r-devel-linux-x86_64-debian-clang, r-devel-linux-x86_64-debian-gcc, r-devel-windows-x86_64, r-patched-linux-x86_64, r-release-linux-x86_64, r-release-windows-x86_64