Last updated on 2025-10-24 04:51:00 CEST.
| Flavor | Version | Tinstall | Tcheck | Ttotal | Status | Flags |
|---|---|---|---|---|---|---|
| r-devel-linux-x86_64-debian-clang | 1.0.11 | 12.59 | 109.51 | 122.10 | NOTE | |
| r-devel-linux-x86_64-debian-gcc | 1.0.11 | 7.83 | 75.12 | 82.95 | OK | |
| r-devel-linux-x86_64-fedora-clang | 1.0.11 | 27.00 | 157.20 | 184.20 | OK | |
| r-devel-linux-x86_64-fedora-gcc | 1.0.11 | 27.00 | 162.30 | 189.30 | OK | |
| r-devel-windows-x86_64 | 1.0.11 | 15.00 | 149.00 | 164.00 | OK | |
| r-patched-linux-x86_64 | 1.0.11 | 17.23 | 103.80 | 121.03 | OK | |
| r-release-linux-x86_64 | 1.0.11 | 11.23 | 102.37 | 113.60 | OK | |
| r-release-macos-arm64 | 1.0.11 | 4.00 | 44.00 | 48.00 | OK | |
| r-release-macos-x86_64 | 1.0.11 | 10.00 | 93.00 | 103.00 | OK | |
| r-release-windows-x86_64 | 1.0.11 | 20.00 | 152.00 | 172.00 | OK | |
| r-oldrel-macos-arm64 | 1.0.11 | 5.00 | 47.00 | 52.00 | OK | |
| r-oldrel-macos-x86_64 | 1.0.11 | 8.00 | 86.00 | 94.00 | OK | |
| r-oldrel-windows-x86_64 | 1.0.11 | 21.00 | 180.00 | 201.00 | OK |
Version: 1.0.11
Check: HTML version of manual
Result: NOTE
Found the following HTML validation problems:
as.items.html:50:1 (as.items.Rd:12): Warning: missing </ul> before </div>
as.sigma.html:50:1 (as.sigma.Rd:12): Warning: missing </ul> before </div>
num_parameters.html:51:1 (num_parameters.Rd:12): Warning: missing </ul> before </div>
Flavor: r-devel-linux-x86_64-debian-clang