Last updated on 2025-10-24 04:51:00 CEST.
| Flavor | Version | Tinstall | Tcheck | Ttotal | Status | Flags |
|---|---|---|---|---|---|---|
| r-devel-linux-x86_64-debian-clang | 3.5 | 16.38 | 80.94 | 97.32 | NOTE | |
| r-devel-linux-x86_64-debian-gcc | 3.5 | 9.41 | 56.06 | 65.47 | OK | |
| r-devel-linux-x86_64-fedora-clang | 3.5 | 35.00 | 117.10 | 152.10 | OK | |
| r-devel-linux-x86_64-fedora-gcc | 3.5 | 30.00 | 114.60 | 144.60 | OK | |
| r-devel-windows-x86_64 | 3.5 | 19.00 | 88.00 | 107.00 | OK | |
| r-patched-linux-x86_64 | 3.5 | 15.88 | 74.59 | 90.47 | OK | |
| r-release-linux-x86_64 | 3.5 | 15.39 | 73.74 | 89.13 | OK | |
| r-release-macos-arm64 | 3.5 | 8.00 | 33.00 | 41.00 | OK | |
| r-release-macos-x86_64 | 3.5 | 29.00 | 73.00 | 102.00 | OK | |
| r-release-windows-x86_64 | 3.5 | 19.00 | 98.00 | 117.00 | OK | |
| r-oldrel-macos-arm64 | 3.5 | 6.00 | 27.00 | 33.00 | OK | |
| r-oldrel-macos-x86_64 | 3.5 | 11.00 | 48.00 | 59.00 | OK | |
| r-oldrel-windows-x86_64 | 3.5 | 27.00 | 106.00 | 133.00 | OK |
Version: 3.5
Check: HTML version of manual
Result: NOTE
Found the following HTML validation problems:
extract-methods.html:71:1 (extract-methods.Rd:36): Warning: missing </ul> before </div>
show.html:56:1 (show.Rd:27): Warning: missing </ul> before </div>
Flavor: r-devel-linux-x86_64-debian-clang