Last updated on 2025-10-24 04:51:00 CEST.
| Flavor | Version | Tinstall | Tcheck | Ttotal | Status | Flags |
|---|---|---|---|---|---|---|
| r-devel-linux-x86_64-debian-clang | 2.1.5 | 7.31 | 100.95 | 108.26 | OK | |
| r-devel-linux-x86_64-debian-gcc | 2.1.5 | 6.07 | 73.85 | 79.92 | OK | |
| r-devel-linux-x86_64-fedora-clang | 2.1.5 | 17.00 | 160.46 | 177.46 | OK | |
| r-devel-linux-x86_64-fedora-gcc | 2.1.5 | 15.00 | 174.70 | 189.70 | OK | |
| r-devel-windows-x86_64 | 2.1.5 | 9.00 | 126.00 | 135.00 | OK | |
| r-patched-linux-x86_64 | 2.1.5 | 7.68 | 96.60 | 104.28 | OK | |
| r-release-linux-x86_64 | 2.1.5 | 7.45 | 96.05 | 103.50 | OK | |
| r-release-macos-arm64 | 2.1.5 | 4.00 | 51.00 | 55.00 | OK | |
| r-release-macos-x86_64 | 2.1.5 | 7.00 | 105.00 | 112.00 | OK | |
| r-release-windows-x86_64 | 2.1.5 | 9.00 | 126.00 | 135.00 | OK | |
| r-oldrel-macos-arm64 | 2.1.5 | 4.00 | 50.00 | 54.00 | NOTE | |
| r-oldrel-macos-x86_64 | 2.1.5 | 6.00 | 76.00 | 82.00 | NOTE | |
| r-oldrel-windows-x86_64 | 2.1.5 | 12.00 | 149.00 | 161.00 | NOTE |
Version: 2.1.5
Check: LazyData
Result: NOTE
'LazyData' is specified without a 'data' directory
Flavors: r-oldrel-macos-arm64, r-oldrel-macos-x86_64, r-oldrel-windows-x86_64