Last updated on 2025-10-22 05:51:19 CEST.
Flavor | Version | Tinstall | Tcheck | Ttotal | Status | Flags |
---|---|---|---|---|---|---|
r-devel-linux-x86_64-debian-clang | 0.5.1-2 | 2.14 | 32.00 | 34.14 | NOTE | |
r-devel-linux-x86_64-debian-gcc | 0.5.1-2 | 1.41 | 23.87 | 25.28 | NOTE | |
r-devel-linux-x86_64-fedora-clang | 0.5.1-2 | 50.08 | OK | |||
r-devel-linux-x86_64-fedora-gcc | 0.5.1-2 | 47.63 | OK | |||
r-devel-windows-x86_64 | 0.5.1-2 | 3.00 | 55.00 | 58.00 | OK | |
r-patched-linux-x86_64 | 0.5.1-2 | 2.16 | 30.33 | 32.49 | OK | |
r-release-linux-x86_64 | 0.5.1-2 | 1.82 | 30.30 | 32.12 | OK | |
r-release-macos-arm64 | 0.5.1-2 | 1.00 | 20.00 | 21.00 | OK | |
r-release-macos-x86_64 | 0.5.1-2 | 2.00 | 32.00 | 34.00 | OK | |
r-release-windows-x86_64 | 0.5.1-2 | 3.00 | 56.00 | 59.00 | OK | |
r-oldrel-macos-arm64 | 0.5.1-2 | 1.00 | 18.00 | 19.00 | OK | |
r-oldrel-macos-x86_64 | 0.5.1-2 | 2.00 | 27.00 | 29.00 | OK | |
r-oldrel-windows-x86_64 | 0.5.1-2 | 3.00 | 61.00 | 64.00 | OK |
Version: 0.5.1-2
Check: HTML version of manual
Result: NOTE
Found the following HTML validation problems:
cardinality.html:47:1 (cardinality.Rd:10): Warning: missing </ul> before </div>
Flavors: r-devel-linux-x86_64-debian-clang, r-devel-linux-x86_64-debian-gcc