Last updated on 2025-10-24 04:51:00 CEST.
| Flavor | Version | Tinstall | Tcheck | Ttotal | Status | Flags |
|---|---|---|---|---|---|---|
| r-devel-linux-x86_64-debian-clang | 1.0.2 | 17.96 | 47.93 | 65.89 | OK | |
| r-devel-linux-x86_64-debian-gcc | 1.0.2 | 12.49 | 35.13 | 47.62 | OK | |
| r-devel-linux-x86_64-fedora-clang | 1.0.2 | 35.00 | 58.28 | 93.28 | OK | |
| r-devel-linux-x86_64-fedora-gcc | 1.0.2 | 34.00 | 59.06 | 93.06 | OK | |
| r-devel-windows-x86_64 | 1.0.2 | 17.00 | 58.00 | 75.00 | OK | |
| r-patched-linux-x86_64 | 1.0.2 | 18.51 | 45.95 | 64.46 | OK | |
| r-release-linux-x86_64 | 1.0.2 | 18.63 | 45.81 | 64.44 | OK | |
| r-release-macos-arm64 | 1.0.2 | 14.00 | 32.00 | 46.00 | OK | |
| r-release-macos-x86_64 | 1.0.2 | 24.00 | 63.00 | 87.00 | OK | |
| r-release-windows-x86_64 | 1.0.2 | 17.00 | 58.00 | 75.00 | OK | |
| r-oldrel-macos-arm64 | 1.0.2 | 11.00 | 29.00 | 40.00 | NOTE | |
| r-oldrel-macos-x86_64 | 1.0.2 | 16.00 | 43.00 | 59.00 | NOTE | |
| r-oldrel-windows-x86_64 | 1.0.2 | 26.00 | 76.00 | 102.00 | OK |
Version: 1.0.2
Check: installed package size
Result: NOTE
installed size is 5.2Mb
sub-directories of 1Mb or more:
data 5.1Mb
Flavors: r-oldrel-macos-arm64, r-oldrel-macos-x86_64