CRAN Package Check Results for Package oclust

Last updated on 2025-10-22 05:51:19 CEST.

Flavor Version Tinstall Tcheck Ttotal Status Flags
r-devel-linux-x86_64-debian-clang 1.0.0 4.19 95.07 99.26 NOTE
r-devel-linux-x86_64-debian-gcc 1.0.0 3.35 60.82 64.17 NOTE
r-devel-linux-x86_64-fedora-clang 1.0.0 10.00 146.15 156.15 OK
r-devel-linux-x86_64-fedora-gcc 1.0.0 11.00 128.00 139.00 OK
r-devel-windows-x86_64 1.0.0 6.00 77.00 83.00 OK
r-patched-linux-x86_64 1.0.0 4.01 81.09 85.10 OK
r-release-linux-x86_64 1.0.0 4.33 82.04 86.37 OK
r-release-macos-arm64 1.0.0 2.00 28.00 30.00 OK
r-release-macos-x86_64 1.0.0 4.00 58.00 62.00 OK
r-release-windows-x86_64 1.0.0 6.00 86.00 92.00 OK
r-oldrel-macos-arm64 1.0.0 2.00 35.00 37.00 OK
r-oldrel-macos-x86_64 1.0.0 4.00 65.00 69.00 OK
r-oldrel-windows-x86_64 1.0.0 7.00 95.00 102.00 OK

Check Details

Version: 1.0.0
Check: HTML version of manual
Result: NOTE Found the following HTML validation problems: plot.oclust.html:86:1 (plot.oclust.Rd:37): Warning: missing </ul> before </div> print.oclust.html:51:1 (print.oclust.Rd:12): Warning: missing </ul> before </div> print.summary.oclust.html:55:1 (print.summary.oclust.Rd:14): Warning: missing </ul> before </div> summary.oclust.html:51:1 (summary.oclust.Rd:12): Warning: missing </ul> before </div> Flavors: r-devel-linux-x86_64-debian-clang, r-devel-linux-x86_64-debian-gcc