CRAN Package Check Results for Package oddnet

Last updated on 2025-10-22 05:51:19 CEST.

Flavor Version Tinstall Tcheck Ttotal Status Flags
r-devel-linux-x86_64-debian-clang 0.1.1 3.83 120.93 124.76 NOTE
r-devel-linux-x86_64-debian-gcc 0.1.1 2.76 78.20 80.96 NOTE
r-devel-linux-x86_64-fedora-clang 0.1.1 183.85 OK
r-devel-linux-x86_64-fedora-gcc 0.1.1 193.36 OK
r-devel-windows-x86_64 0.1.1 5.00 120.00 125.00 OK
r-patched-linux-x86_64 0.1.1 3.96 117.62 121.58 OK
r-release-linux-x86_64 0.1.1 2.86 117.68 120.54 OK
r-release-macos-arm64 0.1.1 2.00 57.00 59.00 OK
r-release-macos-x86_64 0.1.1 5.00 181.00 186.00 OK
r-release-windows-x86_64 0.1.1 7.00 119.00 126.00 OK
r-oldrel-macos-arm64 0.1.1 2.00 59.00 61.00 OK
r-oldrel-macos-x86_64 0.1.1 3.00 97.00 100.00 OK
r-oldrel-windows-x86_64 0.1.1 7.00 171.00 178.00 OK

Check Details

Version: 0.1.1
Check: CRAN incoming feasibility
Result: NOTE Maintainer: ‘Sevvandi Kandanaarachchi <sevvandik@gmail.com>’ The Description field contains anomalies (Kandanaarachchi, Hyndman 2022) <arXiv:2210.07407>. Please refer to arXiv e-prints via their arXiv DOI <doi:10.48550/arXiv.YYMM.NNNNN>. Flavors: r-devel-linux-x86_64-debian-clang, r-devel-linux-x86_64-debian-gcc