Last updated on 2025-10-24 04:51:00 CEST.
| Flavor | Version | Tinstall | Tcheck | Ttotal | Status | Flags |
|---|---|---|---|---|---|---|
| r-devel-linux-x86_64-debian-clang | 1.4.8 | 2.05 | 25.01 | 27.06 | NOTE | |
| r-devel-linux-x86_64-debian-gcc | 1.4.8 | 1.71 | 20.13 | 21.84 | NOTE | |
| r-devel-linux-x86_64-fedora-clang | 1.4.8 | 37.83 | OK | |||
| r-devel-linux-x86_64-fedora-gcc | 1.4.8 | 36.31 | OK | |||
| r-devel-windows-x86_64 | 1.4.8 | 3.00 | 49.00 | 52.00 | OK | |
| r-patched-linux-x86_64 | 1.4.8 | 2.32 | 22.43 | 24.75 | OK | |
| r-release-linux-x86_64 | 1.4.8 | 2.20 | 22.53 | 24.73 | OK | |
| r-release-macos-arm64 | 1.4.8 | 1.00 | 14.00 | 15.00 | OK | |
| r-release-macos-x86_64 | 1.4.8 | 2.00 | 25.00 | 27.00 | OK | |
| r-release-windows-x86_64 | 1.4.8 | 4.00 | 48.00 | 52.00 | OK | |
| r-oldrel-macos-arm64 | 1.4.8 | 1.00 | 14.00 | 15.00 | OK | |
| r-oldrel-macos-x86_64 | 1.4.8 | 2.00 | 20.00 | 22.00 | OK | |
| r-oldrel-windows-x86_64 | 1.4.8 | 6.00 | 55.00 | 61.00 | OK |
Version: 1.4.8
Check: CRAN incoming feasibility
Result: NOTE
Maintainer: ‘Marco Blume <marco.blume@pinnaclesports.com>’
No Authors@R field in DESCRIPTION.
Please add one, modifying
Authors@R: c(person(given = "Marco",
family = "Blume",
role = c("aut", "cre"),
email = "marco.blume@pinnaclesports.com"),
person(given = "Sascha",
family = "Thomsen",
role = "aut"))
as necessary.
Flavors: r-devel-linux-x86_64-debian-clang, r-devel-linux-x86_64-debian-gcc