Last updated on 2025-10-22 05:51:19 CEST.
Flavor | Version | Tinstall | Tcheck | Ttotal | Status | Flags |
---|---|---|---|---|---|---|
r-devel-linux-x86_64-debian-clang | 1.6.3 | 14.13 | 102.12 | 116.25 | NOTE | |
r-devel-linux-x86_64-debian-gcc | 1.6.3 | 8.71 | 64.50 | 73.21 | NOTE | |
r-devel-linux-x86_64-fedora-clang | 1.6.3 | 30.00 | 156.19 | 186.19 | OK | |
r-devel-linux-x86_64-fedora-gcc | 1.6.3 | 29.00 | 158.99 | 187.99 | OK | |
r-devel-windows-x86_64 | 1.6.3 | 14.00 | 102.00 | 116.00 | OK | |
r-patched-linux-x86_64 | 1.6.3 | 14.71 | 97.35 | 112.06 | OK | |
r-release-linux-x86_64 | 1.6.3 | 12.59 | 96.86 | 109.45 | OK | |
r-release-macos-arm64 | 1.6.3 | 5.00 | 39.00 | 44.00 | OK | |
r-release-macos-x86_64 | 1.6.3 | 13.00 | 163.00 | 176.00 | OK | |
r-release-windows-x86_64 | 1.6.3 | 13.00 | 105.00 | 118.00 | OK | |
r-oldrel-macos-arm64 | 1.6.3 | 5.00 | 43.00 | 48.00 | OK | |
r-oldrel-macos-x86_64 | 1.6.3 | 11.00 | 171.00 | 182.00 | OK | |
r-oldrel-windows-x86_64 | 1.6.3 | 14.00 | 126.00 | 140.00 | OK |
Version: 1.6.3
Check: HTML version of manual
Result: NOTE
Found the following HTML validation problems:
plot.power.html:116:1 (plot.power.Rd:55): Warning: missing </ul> before </div>
Flavors: r-devel-linux-x86_64-debian-clang, r-devel-linux-x86_64-debian-gcc