Last updated on 2025-10-24 04:51:00 CEST.
| Flavor | Version | Tinstall | Tcheck | Ttotal | Status | Flags |
|---|---|---|---|---|---|---|
| r-devel-linux-x86_64-debian-clang | 0.0.2 | 1.63 | 24.67 | 26.30 | OK | |
| r-devel-linux-x86_64-debian-gcc | 0.0.2 | 1.25 | 20.72 | 21.97 | OK | |
| r-devel-linux-x86_64-fedora-clang | 0.0.2 | 39.40 | OK | |||
| r-devel-linux-x86_64-fedora-gcc | 0.0.2 | 51.55 | OK | |||
| r-devel-windows-x86_64 | 0.0.2 | 15.00 | 44.00 | 59.00 | OK | |
| r-patched-linux-x86_64 | 0.0.2 | 1.94 | 22.61 | 24.55 | OK | |
| r-release-linux-x86_64 | 0.0.2 | 1.63 | 22.71 | 24.34 | OK | |
| r-release-macos-arm64 | 0.0.2 | 1.00 | 21.00 | 22.00 | OK | |
| r-release-macos-x86_64 | 0.0.2 | 2.00 | 36.00 | 38.00 | OK | |
| r-release-windows-x86_64 | 0.0.2 | 4.00 | 45.00 | 49.00 | OK | |
| r-oldrel-macos-arm64 | 0.0.2 | 1.00 | 22.00 | 23.00 | NOTE | |
| r-oldrel-macos-x86_64 | 0.0.2 | 2.00 | 31.00 | 33.00 | NOTE | |
| r-oldrel-windows-x86_64 | 0.0.2 | 4.00 | 53.00 | 57.00 | NOTE |
Version: 0.0.2
Check: LazyData
Result: NOTE
'LazyData' is specified without a 'data' directory
Flavors: r-oldrel-macos-arm64, r-oldrel-macos-x86_64, r-oldrel-windows-x86_64