Last updated on 2025-10-22 05:51:19 CEST.
| Flavor | Version | Tinstall | Tcheck | Ttotal | Status | Flags |
|---|---|---|---|---|---|---|
| r-devel-linux-x86_64-debian-clang | 0.2.0 | 3.40 | 36.45 | 39.85 | NOTE | |
| r-devel-linux-x86_64-debian-gcc | 0.2.0 | 2.52 | 27.80 | 30.32 | NOTE | |
| r-devel-linux-x86_64-fedora-clang | 0.2.0 | 32.00 | 29.43 | 61.43 | NOTE | |
| r-devel-linux-x86_64-fedora-gcc | 0.2.0 | 55.36 | NOTE | |||
| r-devel-windows-x86_64 | 0.2.0 | 6.00 | 55.00 | 61.00 | OK | |
| r-patched-linux-x86_64 | 0.2.0 | 3.85 | 32.64 | 36.49 | OK | |
| r-release-linux-x86_64 | 0.2.0 | 3.22 | 32.83 | 36.05 | OK | |
| r-release-macos-arm64 | 0.2.0 | 2.00 | 20.00 | 22.00 | OK | |
| r-release-macos-x86_64 | 0.2.0 | 3.00 | 30.00 | 33.00 | OK | |
| r-release-windows-x86_64 | 0.2.0 | 5.00 | 55.00 | 60.00 | OK | |
| r-oldrel-macos-arm64 | 0.2.0 | 2.00 | 20.00 | 22.00 | NOTE | |
| r-oldrel-macos-x86_64 | 0.2.0 | 2.00 | 27.00 | 29.00 | NOTE | |
| r-oldrel-windows-x86_64 | 0.2.0 | 7.00 | 65.00 | 72.00 | NOTE |
Version: 0.2.0
Check: HTML version of manual
Result: NOTE
Found the following HTML validation problems:
export_formattableWidget.html:63:1 (export_formattableWidget.Rd:19): Warning: missing </ul> before </div>
Flavors: r-devel-linux-x86_64-debian-clang, r-devel-linux-x86_64-debian-gcc
Version: 0.2.0
Check: dependencies in R code
Result: NOTE
Namespaces in Imports field not imported from:
‘e1071’ ‘fs’ ‘pdp’
All declared Imports should be used.
Flavors: r-devel-linux-x86_64-fedora-clang, r-devel-linux-x86_64-fedora-gcc
Version: 0.2.0
Check: LazyData
Result: NOTE
'LazyData' is specified without a 'data' directory
Flavors: r-oldrel-macos-arm64, r-oldrel-macos-x86_64, r-oldrel-windows-x86_64