Last updated on 2025-10-22 05:51:19 CEST.
Flavor | Version | Tinstall | Tcheck | Ttotal | Status | Flags |
---|---|---|---|---|---|---|
r-devel-linux-x86_64-debian-clang | 0.7.4 | 9.03 | 72.55 | 81.58 | NOTE | |
r-devel-linux-x86_64-debian-gcc | 0.7.4 | 5.74 | 54.12 | 59.86 | NOTE | |
r-devel-linux-x86_64-fedora-clang | 0.7.4 | 31.00 | 97.41 | 128.41 | NOTE | |
r-devel-linux-x86_64-fedora-gcc | 0.7.4 | 19.00 | 113.31 | 132.31 | NOTE | |
r-devel-windows-x86_64 | 0.7.4 | 10.00 | 85.00 | 95.00 | NOTE | |
r-patched-linux-x86_64 | 0.7.4 | 10.53 | 68.59 | 79.12 | NOTE | |
r-release-linux-x86_64 | 0.7.4 | 9.11 | 67.14 | 76.25 | NOTE | |
r-release-macos-arm64 | 0.7.4 | 5.00 | 49.00 | 54.00 | NOTE | |
r-release-macos-x86_64 | 0.7.4 | 8.00 | 74.00 | 82.00 | NOTE | |
r-release-windows-x86_64 | 0.7.4 | 10.00 | 85.00 | 95.00 | NOTE | |
r-oldrel-macos-arm64 | 0.7.4 | 4.00 | 51.00 | 55.00 | OK | |
r-oldrel-macos-x86_64 | 0.7.4 | 9.00 | 106.00 | 115.00 | OK | |
r-oldrel-windows-x86_64 | 0.7.4 | 14.00 | 103.00 | 117.00 | OK |
Version: 0.7.4
Check: DESCRIPTION meta-information
Result: NOTE
Missing dependency on R >= 4.1.0 because package code uses the pipe
|> or function shorthand \(...) syntax added in R 4.1.0.
File(s) using such syntax:
‘1onto.R’ ‘edit_matches.R’
Flavors: r-devel-linux-x86_64-debian-clang, r-devel-linux-x86_64-debian-gcc, r-devel-linux-x86_64-fedora-clang, r-devel-linux-x86_64-fedora-gcc, r-devel-windows-x86_64, r-patched-linux-x86_64, r-release-linux-x86_64, r-release-macos-arm64, r-release-macos-x86_64, r-release-windows-x86_64
Version: 0.7.4
Check: HTML version of manual
Result: NOTE
Found the following HTML validation problems:
make_tree.html:57:1 (make_tree.Rd:17): Warning: missing </ul> before </div>
show-onto-method.html:47:1 (show-onto-method.Rd:10): Warning: missing </ul> before </div>
Flavors: r-devel-linux-x86_64-debian-clang, r-devel-linux-x86_64-debian-gcc