Last updated on 2025-10-22 05:51:19 CEST.
Flavor | Version | Tinstall | Tcheck | Ttotal | Status | Flags |
---|---|---|---|---|---|---|
r-devel-linux-x86_64-debian-clang | 1.2.0 | 9.97 | 246.34 | 256.31 | NOTE | |
r-devel-linux-x86_64-debian-gcc | 1.2.0 | 8.60 | 167.08 | 175.68 | NOTE | |
r-devel-linux-x86_64-fedora-clang | 1.2.0 | 24.00 | 366.23 | 390.23 | OK | |
r-devel-linux-x86_64-fedora-gcc | 1.2.0 | 23.00 | 388.59 | 411.59 | OK | |
r-devel-windows-x86_64 | 1.2.0 | 55.00 | 328.00 | 383.00 | OK | |
r-patched-linux-x86_64 | 1.2.0 | 9.75 | 237.48 | 247.23 | OK | |
r-release-linux-x86_64 | 1.2.0 | 8.61 | 237.86 | 246.47 | OK | |
r-release-macos-arm64 | 1.2.0 | 18.00 | 129.00 | 147.00 | OK | |
r-release-macos-x86_64 | 1.2.0 | 50.00 | 288.00 | 338.00 | OK | |
r-release-windows-x86_64 | 1.2.0 | 57.00 | 336.00 | 393.00 | OK | |
r-oldrel-macos-arm64 | 1.2.0 | 17.00 | 132.00 | 149.00 | NOTE | |
r-oldrel-macos-x86_64 | 1.2.0 | 53.00 | 317.00 | 370.00 | NOTE | |
r-oldrel-windows-x86_64 | 1.2.0 | 71.00 | 430.00 | 501.00 | NOTE |
Version: 1.2.0
Check: HTML version of manual
Result: NOTE
Found the following HTML validation problems:
print.eava_summary.html:52:1 (print.eava_summary.Rd:12): Warning: missing </ul> before </div>
Flavors: r-devel-linux-x86_64-debian-clang, r-devel-linux-x86_64-debian-gcc
Version: 1.2.0
Check: installed package size
Result: NOTE
installed size is 5.3Mb
sub-directories of 1Mb or more:
doc 4.9Mb
Flavors: r-oldrel-macos-arm64, r-oldrel-macos-x86_64, r-oldrel-windows-x86_64