CRAN Package Check Results for Package opencage

Last updated on 2025-10-22 05:51:19 CEST.

Flavor Version Tinstall Tcheck Ttotal Status Flags
r-devel-linux-x86_64-debian-clang 0.2.2 3.13 47.75 50.88 NOTE
r-devel-linux-x86_64-debian-gcc 0.2.2 2.30 36.99 39.29 NOTE
r-devel-linux-x86_64-fedora-clang 0.2.2 14.00 68.57 82.57 OK
r-devel-linux-x86_64-fedora-gcc 0.2.2 90.38 OK
r-devel-windows-x86_64 0.2.2 5.00 71.00 76.00 OK
r-patched-linux-x86_64 0.2.2 3.80 45.45 49.25 OK
r-release-linux-x86_64 0.2.2 3.40 46.35 49.75 OK
r-release-macos-arm64 0.2.2 1.00 39.00 40.00 OK
r-release-macos-x86_64 0.2.2 3.00 61.00 64.00 OK
r-release-windows-x86_64 0.2.2 7.00 75.00 82.00 OK
r-oldrel-macos-arm64 0.2.2 2.00 36.00 38.00 OK
r-oldrel-macos-x86_64 0.2.2 2.00 53.00 55.00 OK
r-oldrel-windows-x86_64 0.2.2 6.00 83.00 89.00 OK

Check Details

Version: 0.2.2
Check: HTML version of manual
Result: NOTE Found the following HTML validation problems: opencage_key.html:52:1 (opencage_key.Rd:11): Warning: missing </ul> before </div> Flavors: r-devel-linux-x86_64-debian-clang, r-devel-linux-x86_64-debian-gcc