Last updated on 2025-10-22 05:51:19 CEST.
Flavor | Version | Tinstall | Tcheck | Ttotal | Status | Flags |
---|---|---|---|---|---|---|
r-devel-linux-x86_64-debian-clang | 1.6.3 | 1.74 | 26.02 | 27.76 | NOTE | |
r-devel-linux-x86_64-debian-gcc | 1.6.3 | 1.47 | 20.86 | 22.33 | NOTE | |
r-devel-linux-x86_64-fedora-clang | 1.6.3 | 40.47 | OK | |||
r-devel-linux-x86_64-fedora-gcc | 1.6.3 | 38.80 | OK | |||
r-devel-windows-x86_64 | 1.6.3 | 3.00 | 51.00 | 54.00 | OK | |
r-patched-linux-x86_64 | 1.6.3 | 1.90 | 25.25 | 27.15 | OK | |
r-release-linux-x86_64 | 1.6.3 | 1.79 | 24.75 | 26.54 | OK | |
r-release-macos-arm64 | 1.6.3 | 1.00 | 18.00 | 19.00 | OK | |
r-release-macos-x86_64 | 1.6.3 | 2.00 | 29.00 | 31.00 | OK | |
r-release-windows-x86_64 | 1.6.3 | 4.00 | 61.00 | 65.00 | OK | |
r-oldrel-macos-arm64 | 1.6.3 | 1.00 | 21.00 | 22.00 | OK | |
r-oldrel-macos-x86_64 | 1.6.3 | 2.00 | 21.00 | 23.00 | OK | |
r-oldrel-windows-x86_64 | 1.6.3 | 5.00 | 56.00 | 61.00 | OK |
Version: 1.6.3
Check: HTML version of manual
Result: NOTE
Found the following HTML validation problems:
not-in.html:50:1 (not-in.Rd:13): Warning: missing </ul> before </div>
Flavors: r-devel-linux-x86_64-debian-clang, r-devel-linux-x86_64-debian-gcc