Last updated on 2025-10-22 05:51:19 CEST.
Flavor | Version | Tinstall | Tcheck | Ttotal | Status | Flags |
---|---|---|---|---|---|---|
r-devel-linux-x86_64-debian-clang | 1.0.5 | 162.95 | 160.63 | 323.58 | OK | |
r-devel-linux-x86_64-debian-gcc | 1.0.5 | 101.02 | 115.40 | 216.42 | OK | |
r-devel-linux-x86_64-fedora-clang | 1.0.5 | 660.00 | -41.26 | 618.74 | OK | |
r-devel-linux-x86_64-fedora-gcc | 1.0.5 | 780.00 | -197.62 | 582.38 | OK | |
r-devel-windows-x86_64 | 1.0.5 | 182.00 | 207.00 | 389.00 | OK | |
r-patched-linux-x86_64 | 1.0.5 | 165.21 | 150.24 | 315.45 | OK | |
r-release-linux-x86_64 | 1.0.5 | 152.88 | 151.67 | 304.55 | OK | |
r-release-macos-arm64 | 1.0.5 | 52.00 | 66.00 | 118.00 | OK | |
r-release-macos-x86_64 | 1.0.5 | 51.00 | 158.00 | 209.00 | OK | |
r-release-windows-x86_64 | 1.0.5 | 183.00 | 204.00 | 387.00 | OK | |
r-oldrel-macos-arm64 | 1.0.5 | 53.00 | 70.00 | 123.00 | NOTE | |
r-oldrel-macos-x86_64 | 1.0.5 | 56.00 | 154.00 | 210.00 | NOTE | |
r-oldrel-windows-x86_64 | 1.0.5 | 215.00 | 258.00 | 473.00 | NOTE |
Version: 1.0.5
Check: package dependencies
Result: NOTE
Package suggested but not available for checking: ‘gurobi’
Flavors: r-oldrel-macos-arm64, r-oldrel-macos-x86_64, r-oldrel-windows-x86_64
Version: 1.0.5
Check: installed package size
Result: NOTE
installed size is 8.0Mb
sub-directories of 1Mb or more:
libs 6.5Mb
Flavors: r-oldrel-macos-arm64, r-oldrel-macos-x86_64