Last updated on 2025-07-25 07:49:39 CEST.
Flavor | Version | Tinstall | Tcheck | Ttotal | Status | Flags |
---|---|---|---|---|---|---|
r-devel-linux-x86_64-debian-clang | 0.10.8 | 36.69 | 211.34 | 248.03 | OK | |
r-devel-linux-x86_64-debian-gcc | 0.10.8 | 25.16 | 139.44 | 164.60 | OK | |
r-devel-linux-x86_64-fedora-clang | 0.10.8 | 402.47 | OK | |||
r-devel-linux-x86_64-fedora-gcc | 0.10.8 | 403.17 | OK | |||
r-devel-windows-x86_64 | 0.10.8 | 46.00 | 234.00 | 280.00 | OK | |
r-patched-linux-x86_64 | 0.10.8 | 37.57 | 199.16 | 236.73 | OK | |
r-release-linux-x86_64 | 0.10.8 | 37.97 | 199.27 | 237.24 | OK | |
r-release-macos-arm64 | 0.10.8 | 191.00 | OK | |||
r-release-macos-x86_64 | 0.10.8 | 216.00 | OK | |||
r-release-windows-x86_64 | 0.10.8 | 46.00 | 218.00 | 264.00 | OK | |
r-oldrel-macos-arm64 | 0.10.8 | 110.00 | NOTE | |||
r-oldrel-macos-x86_64 | 0.10.8 | 225.00 | NOTE | |||
r-oldrel-windows-x86_64 | 0.10.8 | 57.00 | 287.00 | 344.00 | NOTE |
Version: 0.10.8
Check: package dependencies
Result: NOTE
Package suggested but not available for checking: ‘rrelaxiv’
Flavors: r-oldrel-macos-arm64, r-oldrel-macos-x86_64, r-oldrel-windows-x86_64