Last updated on 2025-10-22 05:51:20 CEST.
Flavor | Version | Tinstall | Tcheck | Ttotal | Status | Flags |
---|---|---|---|---|---|---|
r-devel-linux-x86_64-debian-clang | 0.3.6 | 2.10 | 87.18 | 89.28 | NOTE | |
r-devel-linux-x86_64-debian-gcc | 0.3.6 | 1.84 | 61.07 | 62.91 | NOTE | |
r-devel-linux-x86_64-fedora-clang | 0.3.6 | 147.82 | OK | |||
r-devel-linux-x86_64-fedora-gcc | 0.3.6 | 144.19 | OK | |||
r-devel-windows-x86_64 | 0.3.6 | 5.00 | 93.00 | 98.00 | OK | |
r-patched-linux-x86_64 | 0.3.6 | 2.62 | 82.23 | 84.85 | OK | |
r-release-linux-x86_64 | 0.3.6 | 1.87 | 80.98 | 82.85 | OK | |
r-release-macos-arm64 | 0.3.6 | 1.00 | 41.00 | 42.00 | OK | |
r-release-macos-x86_64 | 0.3.6 | 2.00 | 76.00 | 78.00 | OK | |
r-release-windows-x86_64 | 0.3.6 | 4.00 | 94.00 | 98.00 | OK | |
r-oldrel-macos-arm64 | 0.3.6 | 1.00 | 37.00 | 38.00 | OK | |
r-oldrel-macos-x86_64 | 0.3.6 | 2.00 | 58.00 | 60.00 | OK | |
r-oldrel-windows-x86_64 | 0.3.6 | 5.00 | 120.00 | 125.00 | OK |
Version: 0.3.6
Check: HTML version of manual
Result: NOTE
Found the following HTML validation problems:
oddstable.html:46:1 (oddstable.Rd:10): Warning: missing </ul> before </div>
oddstable_graph.html:68:1 (oddstable_graph.Rd:24): Warning: missing </ul> before </div>
orm_graph.html:80:1 (orm_graph.Rd:32): Warning: missing </ul> before </div>
Flavors: r-devel-linux-x86_64-debian-clang, r-devel-linux-x86_64-debian-gcc