CRAN Package Check Results for Package orthopolynom

Last updated on 2025-10-22 05:51:20 CEST.

Flavor Version Tinstall Tcheck Ttotal Status Flags
r-devel-linux-x86_64-debian-clang 1.0-6.1 4.32 46.70 51.02 NOTE
r-devel-linux-x86_64-debian-gcc 1.0-6.1 2.90 33.60 36.50 NOTE
r-devel-linux-x86_64-fedora-clang 1.0-6.1 11.00 60.71 71.71 NOTE
r-devel-linux-x86_64-fedora-gcc 1.0-6.1 10.00 59.67 69.67 NOTE
r-devel-windows-x86_64 1.0-6.1 8.00 83.00 91.00 NOTE
r-patched-linux-x86_64 1.0-6.1 6.40 42.79 49.19 NOTE
r-release-linux-x86_64 1.0-6.1 3.49 42.30 45.79 NOTE
r-release-macos-arm64 1.0-6.1 2.00 23.00 25.00 NOTE
r-release-macos-x86_64 1.0-6.1 4.00 38.00 42.00 NOTE
r-release-windows-x86_64 1.0-6.1 8.00 174.00 182.00 NOTE
r-oldrel-macos-arm64 1.0-6.1 2.00 27.00 29.00 NOTE
r-oldrel-macos-x86_64 1.0-6.1 3.00 30.00 33.00 NOTE
r-oldrel-windows-x86_64 1.0-6.1 9.00 91.00 100.00 NOTE

Check Details

Version: 1.0-6.1
Check: CRAN incoming feasibility
Result: NOTE Maintainer: ‘Frederick Novomestky <fnovomes@poly.edu>’ No Authors@R field in DESCRIPTION. Please add one, modifying Authors@R: person(given = "Frederick", family = "Novomestky", role = c("aut", "cre"), email = "fnovomes@poly.edu") as necessary. Flavors: r-devel-linux-x86_64-debian-clang, r-devel-linux-x86_64-debian-gcc

Version: 1.0-6.1
Check: Rd files
Result: NOTE checkRd: (-1) polynomial.derivatives.Rd:18: Lost braces in \itemize; meant \describe ? checkRd: (-1) polynomial.derivatives.Rd:19: Lost braces in \itemize; meant \describe ? checkRd: (-1) polynomial.derivatives.Rd:21: Lost braces in \itemize; meant \describe ? checkRd: (-1) polynomial.integrals.Rd:18: Lost braces in \itemize; meant \describe ? checkRd: (-1) polynomial.integrals.Rd:19: Lost braces in \itemize; meant \describe ? checkRd: (-1) polynomial.integrals.Rd:21: Lost braces in \itemize; meant \describe ? Flavors: r-devel-linux-x86_64-debian-clang, r-devel-linux-x86_64-debian-gcc, r-devel-linux-x86_64-fedora-clang, r-devel-linux-x86_64-fedora-gcc, r-devel-windows-x86_64, r-patched-linux-x86_64, r-release-linux-x86_64, r-release-macos-arm64, r-release-macos-x86_64, r-release-windows-x86_64, r-oldrel-macos-arm64, r-oldrel-macos-x86_64, r-oldrel-windows-x86_64