Last updated on 2025-10-24 04:51:01 CEST.
| Flavor | Version | Tinstall | Tcheck | Ttotal | Status | Flags |
|---|---|---|---|---|---|---|
| r-devel-linux-x86_64-debian-clang | 0.1.1 | 3.17 | 21.42 | 24.59 | OK | |
| r-devel-linux-x86_64-debian-gcc | 0.1.1 | 2.33 | 17.50 | 19.83 | OK | |
| r-devel-linux-x86_64-fedora-clang | 0.1.1 | 35.62 | NOTE | |||
| r-devel-linux-x86_64-fedora-gcc | 0.1.1 | 34.57 | NOTE | |||
| r-devel-windows-x86_64 | 0.1.1 | 5.00 | 40.00 | 45.00 | OK | |
| r-patched-linux-x86_64 | 0.1.1 | 2.88 | 19.21 | 22.09 | OK | |
| r-release-linux-x86_64 | 0.1.1 | 3.25 | 19.17 | 22.42 | OK | |
| r-release-macos-arm64 | 0.1.1 | 2.00 | 19.00 | 21.00 | OK | |
| r-release-macos-x86_64 | 0.1.1 | 5.00 | 32.00 | 37.00 | OK | |
| r-release-windows-x86_64 | 0.1.1 | 4.00 | 40.00 | 44.00 | OK | |
| r-oldrel-macos-arm64 | 0.1.1 | 2.00 | 14.00 | 16.00 | OK | |
| r-oldrel-macos-x86_64 | 0.1.1 | 3.00 | 20.00 | 23.00 | OK | |
| r-oldrel-windows-x86_64 | 0.1.1 | 6.00 | 46.00 | 52.00 | OK |
Version: 0.1.1
Check: dependencies in R code
Result: NOTE
Namespaces in Imports field not imported from:
‘R6’ ‘openssl’
All declared Imports should be used.
Flavors: r-devel-linux-x86_64-fedora-clang, r-devel-linux-x86_64-fedora-gcc