Last updated on 2025-07-22 08:48:39 CEST.
Flavor | Version | Tinstall | Tcheck | Ttotal | Status | Flags |
---|---|---|---|---|---|---|
r-devel-linux-x86_64-debian-clang | 0.2.1 | 6.24 | 67.03 | 73.27 | NOTE | |
r-devel-linux-x86_64-debian-gcc | 0.2.1 | 5.26 | 49.19 | 54.45 | NOTE | |
r-devel-linux-x86_64-fedora-clang | 0.2.1 | 117.78 | OK | |||
r-devel-linux-x86_64-fedora-gcc | 0.2.1 | 112.49 | OK | |||
r-devel-windows-x86_64 | 0.2.1 | 8.00 | 79.00 | 87.00 | OK | |
r-patched-linux-x86_64 | 0.2.1 | 6.32 | 64.41 | 70.73 | OK | |
r-release-linux-x86_64 | 0.2.1 | 6.87 | 65.86 | 72.73 | OK | |
r-release-macos-arm64 | 0.2.1 | 41.00 | OK | |||
r-release-macos-x86_64 | 0.2.1 | 83.00 | OK | |||
r-release-windows-x86_64 | 0.2.1 | 8.00 | 85.00 | 93.00 | OK | |
r-oldrel-macos-arm64 | 0.2.1 | 36.00 | OK | |||
r-oldrel-macos-x86_64 | 0.2.1 | 57.00 | OK | |||
r-oldrel-windows-x86_64 | 0.2.1 | 10.00 | 95.00 | 105.00 | OK |
Version: 0.2.1
Check: CRAN incoming feasibility
Result: NOTE
Maintainer: ‘Junwen Xia <xiajunwen@ruc.edu.cn>’
The Description field contains
available (Xia, J., Zhan, Z., Zhang, J. (2022) <arXiv:2210.05538>).
Please refer to arXiv e-prints via their arXiv DOI <doi:10.48550/arXiv.YYMM.NNNNN>.
Flavors: r-devel-linux-x86_64-debian-clang, r-devel-linux-x86_64-debian-gcc