Last updated on 2025-10-24 04:51:01 CEST.
| Flavor | Version | Tinstall | Tcheck | Ttotal | Status | Flags |
|---|---|---|---|---|---|---|
| r-devel-linux-x86_64-debian-clang | 0.15 | 2.21 | 22.29 | 24.50 | NOTE | |
| r-devel-linux-x86_64-debian-gcc | 0.15 | 1.97 | 17.89 | 19.86 | NOTE | |
| r-devel-linux-x86_64-fedora-clang | 0.15 | 36.30 | OK | |||
| r-devel-linux-x86_64-fedora-gcc | 0.15 | 34.63 | OK | |||
| r-devel-windows-x86_64 | 0.15 | 3.00 | 38.00 | 41.00 | OK | |
| r-patched-linux-x86_64 | 0.15 | 2.57 | 20.72 | 23.29 | OK | |
| r-release-linux-x86_64 | 0.15 | 2.01 | 20.67 | 22.68 | OK | |
| r-release-macos-arm64 | 0.15 | 1.00 | 15.00 | 16.00 | OK | |
| r-release-macos-x86_64 | 0.15 | 2.00 | 21.00 | 23.00 | OK | |
| r-release-windows-x86_64 | 0.15 | 3.00 | 42.00 | 45.00 | OK | |
| r-oldrel-macos-arm64 | 0.15 | 1.00 | 18.00 | 19.00 | OK | |
| r-oldrel-macos-x86_64 | 0.15 | 2.00 | 19.00 | 21.00 | OK | |
| r-oldrel-windows-x86_64 | 0.15 | 4.00 | 39.00 | 43.00 | OK |
Version: 0.15
Check: CRAN incoming feasibility
Result: NOTE
Maintainer: ‘Lukasz Komsta <lukasz.komsta@umlub.pl>’
No Authors@R field in DESCRIPTION.
Please add one, modifying
Authors@R: person(given = "Lukasz",
family = "Komsta",
role = c("aut", "cre"),
email = "lukasz.komsta@umlub.pl")
as necessary.
Flavors: r-devel-linux-x86_64-debian-clang, r-devel-linux-x86_64-debian-gcc