Last updated on 2025-10-24 04:51:01 CEST.
| Flavor | Version | Tinstall | Tcheck | Ttotal | Status | Flags |
|---|---|---|---|---|---|---|
| r-devel-linux-x86_64-debian-clang | 0.2.2 | 2.35 | 34.63 | 36.98 | OK | |
| r-devel-linux-x86_64-debian-gcc | 0.2.2 | 1.87 | 25.94 | 27.81 | OK | |
| r-devel-linux-x86_64-fedora-clang | 0.2.2 | 52.48 | OK | |||
| r-devel-linux-x86_64-fedora-gcc | 0.2.2 | 49.64 | OK | |||
| r-devel-windows-x86_64 | 0.2.2 | 4.00 | 50.00 | 54.00 | OK | |
| r-patched-linux-x86_64 | 0.2.2 | 1.91 | 31.12 | 33.03 | OK | |
| r-release-linux-x86_64 | 0.2.2 | 1.96 | 31.05 | 33.01 | OK | |
| r-release-macos-arm64 | 0.2.2 | 1.00 | 19.00 | 20.00 | OK | |
| r-release-macos-x86_64 | 0.2.2 | 3.00 | 41.00 | 44.00 | OK | |
| r-release-windows-x86_64 | 0.2.2 | 5.00 | 142.00 | 147.00 | OK | |
| r-oldrel-macos-arm64 | 0.2.2 | 1.00 | 18.00 | 19.00 | NOTE | |
| r-oldrel-macos-x86_64 | 0.2.2 | 2.00 | 27.00 | 29.00 | NOTE | |
| r-oldrel-windows-x86_64 | 0.2.2 | 5.00 | 57.00 | 62.00 | NOTE |
Version: 0.2.2
Check: LazyData
Result: NOTE
'LazyData' is specified without a 'data' directory
Flavors: r-oldrel-macos-arm64, r-oldrel-macos-x86_64, r-oldrel-windows-x86_64