Last updated on 2025-10-24 04:51:01 CEST.
| Flavor | Version | Tinstall | Tcheck | Ttotal | Status | Flags |
|---|---|---|---|---|---|---|
| r-devel-linux-x86_64-debian-clang | 1.0.1.1 | 3.61 | 30.74 | 34.35 | OK | |
| r-devel-linux-x86_64-debian-gcc | 1.0.1.1 | 2.41 | 23.10 | 25.51 | OK | |
| r-devel-linux-x86_64-fedora-clang | 1.0.1.1 | 49.40 | OK | |||
| r-devel-linux-x86_64-fedora-gcc | 1.0.1.1 | 48.30 | OK | |||
| r-devel-windows-x86_64 | 1.0.1.1 | 4.00 | 48.00 | 52.00 | OK | |
| r-patched-linux-x86_64 | 1.0.1.1 | 3.66 | 28.70 | 32.36 | OK | |
| r-release-linux-x86_64 | 1.0.1.1 | 3.00 | 28.72 | 31.72 | OK | |
| r-release-macos-arm64 | 1.0.1.1 | 2.00 | 18.00 | 20.00 | OK | |
| r-release-macos-x86_64 | 1.0.1.1 | 3.00 | 28.00 | 31.00 | OK | |
| r-release-windows-x86_64 | 1.0.1.1 | 6.00 | 48.00 | 54.00 | OK | |
| r-oldrel-macos-arm64 | 1.0.1.1 | 2.00 | 18.00 | 20.00 | NOTE | |
| r-oldrel-macos-x86_64 | 1.0.1.1 | 3.00 | 24.00 | 27.00 | NOTE | |
| r-oldrel-windows-x86_64 | 1.0.1.1 | 6.00 | 57.00 | 63.00 | NOTE |
Version: 1.0.1.1
Check: LazyData
Result: NOTE
'LazyData' is specified without a 'data' directory
Flavors: r-oldrel-macos-arm64, r-oldrel-macos-x86_64, r-oldrel-windows-x86_64