Last updated on 2025-10-24 04:51:01 CEST.
| Flavor | Version | Tinstall | Tcheck | Ttotal | Status | Flags |
|---|---|---|---|---|---|---|
| r-devel-linux-x86_64-debian-clang | 0.8.2 | 2.26 | 28.45 | 30.71 | NOTE | |
| r-devel-linux-x86_64-debian-gcc | 0.8.2 | 2.12 | 22.35 | 24.47 | OK | |
| r-devel-linux-x86_64-fedora-clang | 0.8.2 | 43.72 | OK | |||
| r-devel-linux-x86_64-fedora-gcc | 0.8.2 | 56.93 | OK | |||
| r-devel-windows-x86_64 | 0.8.2 | 5.00 | 58.00 | 63.00 | OK | |
| r-patched-linux-x86_64 | 0.8.2 | 3.28 | 25.86 | 29.14 | OK | |
| r-release-linux-x86_64 | 0.8.2 | 2.69 | 25.61 | 28.30 | OK | |
| r-release-macos-arm64 | 0.8.2 | 2.00 | 23.00 | 25.00 | OK | |
| r-release-macos-x86_64 | 0.8.2 | 3.00 | 42.00 | 45.00 | OK | |
| r-release-windows-x86_64 | 0.8.2 | 7.00 | 51.00 | 58.00 | OK | |
| r-oldrel-macos-arm64 | 0.8.2 | 2.00 | 27.00 | 29.00 | OK | |
| r-oldrel-macos-x86_64 | 0.8.2 | 3.00 | 36.00 | 39.00 | OK | |
| r-oldrel-windows-x86_64 | 0.8.2 | 8.00 | 60.00 | 68.00 | OK |
Version: 0.8.2
Check: HTML version of manual
Result: NOTE
Found the following HTML validation problems:
find_cities_by_bbox.html:52:1 (find_cities_by_bbox.Rd:13): Warning: missing </ul> before </div>
Flavor: r-devel-linux-x86_64-debian-clang