Last updated on 2025-10-22 05:51:22 CEST.
Flavor | Version | Tinstall | Tcheck | Ttotal | Status | Flags |
---|---|---|---|---|---|---|
r-devel-linux-x86_64-debian-clang | 1.2 | 12.39 | 112.01 | 124.40 | NOTE | |
r-devel-linux-x86_64-debian-gcc | 1.2 | 8.97 | 77.62 | 86.59 | NOTE | |
r-devel-linux-x86_64-fedora-clang | 1.2 | 29.00 | 155.86 | 184.86 | OK | |
r-devel-linux-x86_64-fedora-gcc | 1.2 | 25.00 | 151.53 | 176.53 | OK | |
r-devel-windows-x86_64 | 1.2 | 14.00 | 103.00 | 117.00 | OK | |
r-patched-linux-x86_64 | 1.2 | 12.80 | 101.47 | 114.27 | OK | |
r-release-linux-x86_64 | 1.2 | 12.39 | 101.15 | 113.54 | OK | |
r-release-macos-arm64 | 1.2 | 5.00 | 46.00 | 51.00 | OK | |
r-release-macos-x86_64 | 1.2 | 9.00 | 73.00 | 82.00 | OK | |
r-release-windows-x86_64 | 1.2 | 13.00 | 103.00 | 116.00 | OK | |
r-oldrel-macos-arm64 | 1.2 | 5.00 | 41.00 | 46.00 | OK | |
r-oldrel-macos-x86_64 | 1.2 | 9.00 | 61.00 | 70.00 | OK | |
r-oldrel-windows-x86_64 | 1.2 | 18.00 | 131.00 | 149.00 | OK |
Version: 1.2
Check: CRAN incoming feasibility
Result: NOTE
Maintainer: ‘Ankur Chakravarthy <ankur.chakravarthy.10@ucl.ac.uk>’
No Authors@R field in DESCRIPTION.
Please add one, modifying
Authors@R: person(given = "Ankur",
family = "Chakravarthy",
role = c("aut", "cre"),
email = "ankur.chakravarthy.10@ucl.ac.uk")
as necessary.
Flavors: r-devel-linux-x86_64-debian-clang, r-devel-linux-x86_64-debian-gcc