Last updated on 2025-10-22 05:51:20 CEST.
Flavor | Version | Tinstall | Tcheck | Ttotal | Status | Flags |
---|---|---|---|---|---|---|
r-devel-linux-x86_64-debian-clang | 1.4.0 | 12.01 | 203.06 | 215.07 | NOTE | |
r-devel-linux-x86_64-debian-gcc | 1.4.0 | 7.91 | 129.53 | 137.44 | NOTE | |
r-devel-linux-x86_64-fedora-clang | 1.4.0 | 29.00 | 288.92 | 317.92 | OK | |
r-devel-linux-x86_64-fedora-gcc | 1.4.0 | 26.00 | 297.33 | 323.33 | OK | |
r-devel-windows-x86_64 | 1.4.0 | 13.00 | 184.00 | 197.00 | OK | |
r-patched-linux-x86_64 | 1.4.0 | 11.13 | 186.88 | 198.01 | OK | |
r-release-linux-x86_64 | 1.4.0 | 10.58 | 186.15 | 196.73 | OK | |
r-release-macos-arm64 | 1.4.0 | 5.00 | 89.00 | 94.00 | OK | |
r-release-macos-x86_64 | 1.4.0 | 12.00 | 190.00 | 202.00 | OK | |
r-release-windows-x86_64 | 1.4.0 | 15.00 | 182.00 | 197.00 | OK | |
r-oldrel-macos-arm64 | 1.4.0 | 6.00 | 91.00 | 97.00 | OK | |
r-oldrel-macos-x86_64 | 1.4.0 | 10.00 | 155.00 | 165.00 | OK | |
r-oldrel-windows-x86_64 | 1.4.0 | 17.00 | 244.00 | 261.00 | OK |
Version: 1.4.0
Check: HTML version of manual
Result: NOTE
Found the following HTML validation problems:
lat_bins.html:74:1 (lat_bins.Rd:27): Warning: missing </ul> before </div>
Flavors: r-devel-linux-x86_64-debian-clang, r-devel-linux-x86_64-debian-gcc