Last updated on 2025-10-24 04:51:01 CEST.
| Flavor | Version | Tinstall | Tcheck | Ttotal | Status | Flags |
|---|---|---|---|---|---|---|
| r-devel-linux-x86_64-debian-clang | 1.1.6 | 19.88 | 57.57 | 77.45 | NOTE | |
| r-devel-linux-x86_64-debian-gcc | 1.1.6 | 14.05 | 39.01 | 53.06 | OK | |
| r-devel-linux-x86_64-fedora-clang | 1.1.6 | 37.00 | 93.98 | 130.98 | OK | |
| r-devel-linux-x86_64-fedora-gcc | 1.1.6 | 36.00 | 83.89 | 119.89 | OK | |
| r-devel-windows-x86_64 | 1.1.6 | 28.00 | 98.00 | 126.00 | OK | |
| r-patched-linux-x86_64 | 1.1.6 | 20.70 | 59.10 | 79.80 | OK | |
| r-release-linux-x86_64 | 1.1.6 | 19.58 | 59.19 | 78.77 | OK | |
| r-release-macos-arm64 | 1.1.6 | 9.00 | 29.00 | 38.00 | OK | |
| r-release-macos-x86_64 | 1.1.6 | 14.00 | 56.00 | 70.00 | OK | |
| r-release-windows-x86_64 | 1.1.6 | 27.00 | 193.00 | 220.00 | OK | |
| r-oldrel-macos-arm64 | 1.1.6 | 9.00 | 31.00 | 40.00 | OK | |
| r-oldrel-macos-x86_64 | 1.1.6 | 11.00 | 59.00 | 70.00 | OK | |
| r-oldrel-windows-x86_64 | 1.1.6 | 33.00 | 123.00 | 156.00 | OK |
Version: 1.1.6
Check: HTML version of manual
Result: NOTE
Found the following HTML validation problems:
coef.palm.html:66:1 (coef.palm.Rd:21): Warning: missing </ul> before </div>
summary.palm.html:51:1 (summary.palm.Rd:12): Warning: missing </ul> before </div>
Flavor: r-devel-linux-x86_64-debian-clang