Last updated on 2025-10-22 05:51:20 CEST.
Flavor | Version | Tinstall | Tcheck | Ttotal | Status | Flags |
---|---|---|---|---|---|---|
r-devel-linux-x86_64-debian-clang | 0.28.2 | 28.91 | 404.28 | 433.19 | NOTE | |
r-devel-linux-x86_64-debian-gcc | 0.28.2 | 17.24 | 263.08 | 280.32 | NOTE | |
r-devel-linux-x86_64-fedora-clang | 0.28.2 | 66.00 | 482.63 | 548.63 | OK | |
r-devel-linux-x86_64-fedora-gcc | 0.28.2 | 60.00 | 557.26 | 617.26 | OK | |
r-devel-windows-x86_64 | 0.28.2 | 31.00 | 314.00 | 345.00 | OK | |
r-patched-linux-x86_64 | 0.28.2 | 34.00 | 372.63 | 406.63 | OK | |
r-release-linux-x86_64 | 0.28.2 | 26.38 | 370.85 | 397.23 | OK | |
r-release-macos-arm64 | 0.28.2 | 14.00 | 174.00 | 188.00 | OK | |
r-release-macos-x86_64 | 0.28.2 | 55.00 | 516.00 | 571.00 | OK | |
r-release-windows-x86_64 | 0.28.2 | 33.00 | 319.00 | 352.00 | OK | |
r-oldrel-macos-arm64 | 0.28.2 | 13.00 | 137.00 | 150.00 | OK | |
r-oldrel-macos-x86_64 | 0.28.2 | 63.00 | 475.00 | 538.00 | OK | |
r-oldrel-windows-x86_64 | 0.28.2 | 42.00 | 432.00 | 474.00 | OK |
Version: 0.28.2
Check: HTML version of manual
Result: NOTE
Found the following HTML validation problems:
predict.parameters_clusters.html:59:1 (predict.parameters_clusters.Rd:16): Warning: missing </ul> before </div>
Flavors: r-devel-linux-x86_64-debian-clang, r-devel-linux-x86_64-debian-gcc