CRAN Package Check Results for Package paws.developer.tools

Last updated on 2025-10-22 05:51:20 CEST.

Flavor Version Tinstall Tcheck Ttotal Status Flags
r-devel-linux-x86_64-debian-clang 0.9.0 57.21 176.46 233.67 NOTE
r-devel-linux-x86_64-debian-gcc 0.9.0 34.56 116.51 151.07 NOTE
r-devel-linux-x86_64-fedora-clang 0.9.0 124.00 195.08 319.08 OK
r-devel-linux-x86_64-fedora-gcc 0.9.0 117.00 177.60 294.60 OK
r-devel-windows-x86_64 0.9.0 56.00 278.00 334.00 OK
r-patched-linux-x86_64 0.9.0 62.17 160.94 223.11 OK
r-release-linux-x86_64 0.9.0 52.19 162.05 214.24 OK
r-release-macos-arm64 0.9.0 31.00 75.00 106.00 OK
r-release-macos-x86_64 0.9.0 55.00 125.00 180.00 OK
r-release-windows-x86_64 0.9.0 58.00 284.00 342.00 OK
r-oldrel-macos-arm64 0.9.0 23.00 64.00 87.00 OK
r-oldrel-macos-x86_64 0.9.0 50.00 116.00 166.00 OK
r-oldrel-windows-x86_64 0.9.0 77.00 306.00 383.00 OK

Check Details

Version: 0.9.0
Check: HTML version of manual
Result: NOTE Found the following HTML validation problems: cloud9_create_environment_ec2.html:174:1 (cloud9_create_environment_ec2.Rd:98): Warning: missing </ul> before </div> cloud9_create_environment_membership.html:68:1 (cloud9_create_environment_membership.Rd:21): Warning: missing </ul> before </div> cloud9_delete_environment.html:48:1 (cloud9_delete_environment.Rd:10): Warning: missing </ul> before </div> cloud9_delete_environment_membership.html:53:1 (cloud9_delete_environment_membership.Rd:13): Warning: missing </ul> before </div> cloud9_describe_environment_memberships.html:94:1 (cloud9_describe_environment_memberships.Rd:41): Warning: missing </ul> before </div> cloud9_describe_environment_status.html:48:1 (cloud9_describe_environment_status.Rd:10): Warning: missing </ul> before </div> cloud9_describe_environments.html:48:1 (cloud9_describe_environments.Rd:10): Warning: missing </ul> before </div> cloud9_list_environments.html:57:1 (cloud9_list_environments.Rd:17): Warning: missing </ul> before </div> cloud9_list_tags_for_resource.html:50:1 (cloud9_list_tags_for_resource.Rd:12): Warning: missing </ul> before </div> cloud9_tag_resource.html:53:1 (cloud9_tag_resource.Rd:13): Warning: missing </ul> before </div> cloud9_untag_resource.html:54:1 (cloud9_untag_resource.Rd:14): Warning: missing </ul> before </div> cloud9_update_environment.html:81:1 (cloud9_update_environment.Rd:32): Warning: missing </ul> before </div> cloud9_update_environment_membership.html:69:1 (cloud9_update_environment_membership.Rd:22): Warning: missing </ul> before </div> cloudcontrolapi_cancel_resource_request.html:49:1 (cloudcontrolapi_cancel_resource_request.Rd:11): Warning: missing </ul> before </div> cloudcontrolapi_create_resource.html:116:1 (cloudcontrolapi_create_resource.Rd:65): Warning: missing </ul> before </div> cloudcontrolapi_delete_resource.html:108:1 (cloudcontrolapi_delete_resource.Rd:62): Warning: missing </ul> before </div> cloudcontrolapi_get_resource.html:90:1 (cloudcontrolapi_get_resource.Rd:46): Warning: missing </ul> before </div> cloudcontrolapi_get_resource_request_status.html:52:1 (cloudcontrolapi_get_resource_request_status.Rd:14): Warning: missing </ul> before </div> cloudcontrolapi_list_resource_requests.html:70:1 (cloudcontrolapi_list_resource_requests.Rd:28): Warning: missing </ul> before </div> cloudcontrolapi_list_resources.html:92:1 (cloudcontrolapi_list_resources.Rd:44): Warning: missing </ul> before </div> cloudcontrolapi_update_resource.html:116:1 (cloudcontrolapi_update_resource.Rd:68): Warning: missing </ul> before </div> codeartifact_associate_external_connection.html:100:1 (codeartifact_associate_external_connection.Rd:35): Warning: missing </ul> before </div> codeartifact_copy_package_versions.html:149:1 (codeartifact_copy_package_versions.Rd:76): Warning: missing </ul> before </div> codeartifact_create_domain.html:72:1 (codeartifact_create_domain.Rd:30): Warning: missing </ul> before </div> codeartifact_create_package_group.html:77:1 (codeartifact_create_package_group.Rd:29): Warning: missing </ul> before </div> codeartifact_create_repository.html:79:1 (codeartifact_create_repository.Rd:31): Warning: missing </ul> before </div> codeartifact_delete_domain.html:53:1 (codeartifact_delete_domain.Rd:13): Warning: missing </ul> before </div> codeartifact_delete_domain_permissions_policy.html:64:1 (codeartifact_delete_domain_permissions_policy.Rd:22): Warning: missing </ul> before </div> codeartifact_delete_package.html:106:1 (codeartifact_delete_package.Rd:43): Warning: missing </ul> before </div> codeartifact_delete_package_group.html:57:1 (codeartifact_delete_package_group.Rd:15): Warning: missing </ul> before </div> codeartifact_delete_package_versions.html:116:1 (codeartifact_delete_package_versions.Rd:49): Warning: missing </ul> before </div> codeartifact_delete_repository.html:57:1 (codeartifact_delete_repository.Rd:15): Warning: missing </ul> before </div> codeartifact_delete_repository_permissions_policy.html:71:1 (codeartifact_delete_repository_permissions_policy.Rd:27): Warning: missing </ul> before </div> codeartifact_describe_domain.html:54:1 (codeartifact_describe_domain.Rd:14): Warning: missing </ul> before </div> codeartifact_describe_package.html:108:1 (codeartifact_describe_package.Rd:45): Warning: missing </ul> before </div> codeartifact_describe_package_group.html:58:1 (codeartifact_describe_package_group.Rd:16): Warning: missing </ul> before </div> codeartifact_describe_package_version.html:113:1 (codeartifact_describe_package_version.Rd:48): Warning: missing </ul> before </div> codeartifact_describe_repository.html:58:1 (codeartifact_describe_repository.Rd:16): Warning: missing </ul> before </div> codeartifact_disassociate_external_connection.html:68:1 (codeartifact_disassociate_external_connection.Rd:24): Warning: missing </ul> before </div> codeartifact_dispose_package_versions.html:124:1 (codeartifact_dispose_package_versions.Rd:55): Warning: missing </ul> before </div> codeartifact_get_associated_package_group.html:105:1 (codeartifact_get_associated_package_group.Rd:44): Warning: missing </ul> before </div> codeartifact_get_authorization_token.html:67:1 (codeartifact_get_authorization_token.Rd:25): Warning: missing </ul> before </div> codeartifact_get_domain_permissions_policy.html:53:1 (codeartifact_get_domain_permissions_policy.Rd:13): Warning: missing </ul> before </div> codeartifact_get_package_version_asset.html:126:1 (codeartifact_get_package_version_asset.Rd:57): Warning: missing </ul> before </div> codeartifact_get_package_version_readme.html:114:1 (codeartifact_get_package_version_readme.Rd:49): Warning: missing </ul> before </div> codeartifact_get_repository_endpoint.html:73:1 (codeartifact_get_repository_endpoint.Rd:27): Warning: missing </ul> before </div> codeartifact_get_repository_permissions_policy.html:63:1 (codeartifact_get_repository_permissions_policy.Rd:21): Warning: missing </ul> before </div> codeartifact_list_allowed_repositories_for_group.html:82:1 (codeartifact_list_allowed_repositories_for_group.Rd:34): Warning: missing </ul> before </div> codeartifact_list_associated_packages.html:82:1 (codeartifact_list_associated_packages.Rd:34): Warning: missing </ul> before </div> codeartifact_list_domains.html:55:1 (codeartifact_list_domains.Rd:15): Warning: missing </ul> before </div> codeartifact_list_package_groups.html:75:1 (codeartifact_list_package_groups.Rd:29): Warning: missing </ul> before </div> codeartifact_list_package_version_assets.html:128:1 (codeartifact_list_package_version_assets.Rd:59): Warning: missing </ul> before </div> codeartifact_list_package_version_dependencies.html:111:1 (codeartifact_list_package_version_dependencies.Rd:50): Warning: missing </ul> before </div> codeartifact_list_package_versions.html:137:1 (codeartifact_list_package_versions.Rd:64): Warning: missing </ul> before </div> codeartifact_list_packages.html:130:1 (codeartifact_list_packages.Rd:65): Warning: missing </ul> before </div> codeartifact_list_repositories.html:63:1 (codeartifact_list_repositories.Rd:21): Warning: missing </ul> before </div> codeartifact_list_repositories_in_domain.html:80:1 (codeartifact_list_repositories_in_domain.Rd:32): Warning: missing </ul> before </div> codeartifact_list_sub_package_groups.html:74:1 (codeartifact_list_sub_package_groups.Rd:28): Warning: missing </ul> before </div> codeartifact_list_tags_for_resource.html:49:1 (codeartifact_list_tags_for_resource.Rd:11): Warning: missing </ul> before </div> codeartifact_publish_package_version.html:120:1 (codeartifact_publish_package_version.Rd:62): Warning: missing </ul> before </div> codeartifact_put_domain_permissions_policy.html:70:1 (codeartifact_put_domain_permissions_policy.Rd:26): Warning: missing </ul> before </div> codeartifact_put_package_origin_configuration.html:109:1 (codeartifact_put_package_origin_configuration.Rd:50): Warning: missing </ul> before </div> codeartifact_put_repository_permissions_policy.html:77:1 (codeartifact_put_repository_permissions_policy.Rd:31): Warning: missing </ul> before </div> codeartifact_tag_resource.html:53:1 (codeartifact_tag_resource.Rd:13): Warning: missing </ul> before </div> codeartifact_untag_resource.html:53:1 (codeartifact_untag_resource.Rd:13): Warning: missing </ul> before </div> codeartifact_update_package_group.html:72:1 (codeartifact_update_package_group.Rd:26): Warning: missing </ul> before </div> codeartifact_update_package_group_origin_configuration.html:81:1 (codeartifact_update_package_group_origin_configuration.Rd:33): Warning: missing </ul> before </div> codeartifact_update_package_versions_status.html:124:1 (codeartifact_update_package_versions_status.Rd:59): Warning: missing </ul> before </div> codeartifact_update_repository.html:74:1 (codeartifact_update_repository.Rd:28): Warning: missing </ul> before </div> codebuild_batch_delete_builds.html:48:1 (codebuild_batch_delete_builds.Rd:10): Warning: missing </ul> before </div> codebuild_batch_get_build_batches.html:48:1 (codebuild_batch_get_build_batches.Rd:10): Warning: missing </ul> before </div> codebuild_batch_get_builds.html:48:1 (codebuild_batch_get_builds.Rd:10): Warning: missing </ul> before </div> codebuild_batch_get_fleets.html:48:1 (codebuild_batch_get_fleets.Rd:10): Warning: missing </ul> before </div> codebuild_batch_get_projects.html:50:1 (codebuild_batch_get_projects.Rd:12): Warning: missing </ul> before </div> codebuild_batch_get_report_groups.html:48:1 (codebuild_batch_get_report_groups.Rd:10): Warning: missing </ul> before </div> codebuild_batch_get_reports.html:48:1 (codebuild_batch_get_reports.Rd:10): Warning: missing </ul> before </div> codebuild_create_fleet.html:294:1 (codebuild_create_fleet.Rd:172): Warning: missing </ul> before </div> codebuild_create_project.html:224:1 (codebuild_create_project.Rd:133): Warning: missing </ul> before </div> codebuild_create_report_group.html:64:1 (codebuild_create_report_group.Rd:20): Warning: missing </ul> before </div> codebuild_create_webhook.html:102:1 (codebuild_create_webhook.Rd:54): Warning: missing </ul> before </div> codebuild_delete_build_batch.html:48:1 (codebuild_delete_build_batch.Rd:10): Warning: missing </ul> before </div> codebuild_delete_fleet.html:48:1 (codebuild_delete_fleet.Rd:10): Warning: missing </ul> before </div> codebuild_delete_project.html:48:1 (codebuild_delete_project.Rd:10): Warning: missing </ul> before </div> codebuild_delete_report.html:48:1 (codebuild_delete_report.Rd:10): Warning: missing </ul> before </div> codebuild_delete_report_group.html:60:1 (codebuild_delete_report_group.Rd:20): Warning: missing </ul> before </div> codebuild_delete_resource_policy.html:48:1 (codebuild_delete_resource_policy.Rd:10): Warning: missing </ul> before </div> codebuild_delete_source_credentials.html:49:1 (codebuild_delete_source_credentials.Rd:11): Warning: missing </ul> before </div> codebuild_delete_webhook.html:50:1 (codebuild_delete_webhook.Rd:12): Warning: missing </ul> before </div> codebuild_describe_code_coverages.html:91:1 (codebuild_describe_code_coverages.Rd:41): Warning: missing </ul> before </div> codebuild_describe_test_cases.html:73:1 (codebuild_describe_test_cases.Rd:29): Warning: missing </ul> before </div> codebuild_get_report_group_trend.html:107:1 (codebuild_get_report_group_trend.Rd:65): Warning: missing </ul> before </div> codebuild_get_resource_policy.html:48:1 (codebuild_get_resource_policy.Rd:10): Warning: missing </ul> before </div> codebuild_import_source_credentials.html:81:1 (codebuild_import_source_credentials.Rd:35): Warning: missing </ul> before </div> codebuild_invalidate_project_cache.html:48:1 (codebuild_invalidate_project_cache.Rd:10): Warning: missing </ul> before </div> codebuild_list_build_batches.html:79:1 (codebuild_list_build_batches.Rd:30): Warning: missing </ul> before </div> codebuild_list_build_batches_for_project.html:84:1 (codebuild_list_build_batches_for_project.Rd:33): Warning: missing </ul> before </div> codebuild_list_builds.html:66:1 (codebuild_list_builds.Rd:21): Warning: missing </ul> before </div> codebuild_list_builds_for_project.html:84:1 (codebuild_list_builds_for_project.Rd:37): Warning: missing </ul> before </div> codebuild_list_fleets.html:101:1 (codebuild_list_fleets.Rd:45): Warning: missing </ul> before </div> codebuild_list_projects.html:91:1 (codebuild_list_projects.Rd:37): Warning: missing </ul> before </div> codebuild_list_report_groups.html:89:1 (codebuild_list_report_groups.Rd:38): Warning: missing </ul> before </div> codebuild_list_reports.html:86:1 (codebuild_list_reports.Rd:37): Warning: missing </ul> before </div> codebuild_list_reports_for_report_group.html:79:1 (codebuild_list_reports_for_report_group.Rd:33): Warning: missing </ul> before </div> codebuild_list_shared_projects.html:94:1 (codebuild_list_shared_projects.Rd:40): Warning: missing </ul> before </div> codebuild_list_shared_report_groups.html:94:1 (codebuild_list_shared_report_groups.Rd:40): Warning: missing </ul> before </div> codebuild_put_resource_policy.html:55:1 (codebuild_put_resource_policy.Rd:15): Warning: missing </ul> before </div> codebuild_retry_build.html:57:1 (codebuild_retry_build.Rd:17): Warning: missing </ul> before </div> codebuild_retry_build_batch.html:67:1 (codebuild_retry_build_batch.Rd:25): Warning: missing </ul> before </div> codebuild_start_build.html:335:1 (codebuild_start_build.Rd:233): Warning: missing </ul> before </div> codebuild_start_build_batch.html:306:1 (codebuild_start_build_batch.Rd:208): Warning: missing </ul> before </div> codebuild_stop_build.html:48:1 (codebuild_stop_build.Rd:10): Warning: missing </ul> before </div> codebuild_stop_build_batch.html:48:1 (codebuild_stop_build_batch.Rd:10): Warning: missing </ul> before </div> codebuild_update_fleet.html:294:1 (codebuild_update_fleet.Rd:172): Warning: missing </ul> before </div> codebuild_update_project.html:227:1 (codebuild_update_project.Rd:137): Warning: missing </ul> before </div> codebuild_update_project_visibility.html:61:1 (codebuild_update_project_visibility.Rd:19): Warning: missing </ul> before </div> codebuild_update_report_group.html:69:1 (codebuild_update_report_group.Rd:22): Warning: missing </ul> before </div> codebuild_update_webhook.html:84:1 (codebuild_update_webhook.Rd:38): Warning: missing </ul> before </div> codecatalyst_create_access_token.html:53:1 (codecatalyst_create_access_token.Rd:13): Warning: missing </ul> before </div> codecatalyst_create_dev_environment.html:116:1 (codecatalyst_create_dev_environment.Rd:60): Warning: missing </ul> before </div> codecatalyst_create_project.html:58:1 (codecatalyst_create_project.Rd:16): Warning: missing </ul> before </div> codecatalyst_create_source_repository.html:66:1 (codecatalyst_create_source_repository.Rd:22): Warning: missing </ul> before </div> codecatalyst_create_source_repository_branch.html:71:1 (codecatalyst_create_source_repository_branch.Rd:25): Warning: missing </ul> before </div> codecatalyst_delete_access_token.html:50:1 (codecatalyst_delete_access_token.Rd:12): Warning: missing </ul> before </div> codecatalyst_delete_dev_environment.html:58:1 (codecatalyst_delete_dev_environment.Rd:16): Warning: missing </ul> before </div> codecatalyst_delete_project.html:53:1 (codecatalyst_delete_project.Rd:13): Warning: missing </ul> before </div> codecatalyst_delete_source_repository.html:56:1 (codecatalyst_delete_source_repository.Rd:14): Warning: missing </ul> before </div> codecatalyst_delete_space.html:49:1 (codecatalyst_delete_space.Rd:11): Warning: missing </ul> before </div> codecatalyst_get_dev_environment.html:59:1 (codecatalyst_get_dev_environment.Rd:17): Warning: missing </ul> before </div> codecatalyst_get_project.html:52:1 (codecatalyst_get_project.Rd:12): Warning: missing </ul> before </div> codecatalyst_get_source_repository.html:56:1 (codecatalyst_get_source_repository.Rd:14): Warning: missing </ul> before </div> codecatalyst_get_source_repository_clone_urls.html:61:1 (codecatalyst_get_source_repository_clone_urls.Rd:19): Warning: missing </ul> before </div> codecatalyst_get_space.html:48:1 (codecatalyst_get_space.Rd:10): Warning: missing </ul> before </div> codecatalyst_get_subscription.html:49:1 (codecatalyst_get_subscription.Rd:11): Warning: missing </ul> before </div> codecatalyst_get_user_details.html:52:1 (codecatalyst_get_user_details.Rd:12): Warning: missing </ul> before </div> codecatalyst_get_workflow.html:57:1 (codecatalyst_get_workflow.Rd:15): Warning: missing </ul> before </div> codecatalyst_get_workflow_run.html:57:1 (codecatalyst_get_workflow_run.Rd:15): Warning: missing </ul> before </div> codecatalyst_list_access_tokens.html:57:1 (codecatalyst_list_access_tokens.Rd:17): Warning: missing </ul> before </div> codecatalyst_list_dev_environment_sessions.html:74:1 (codecatalyst_list_dev_environment_sessions.Rd:28): Warning: missing </ul> before </div> codecatalyst_list_dev_environments.html:75:1 (codecatalyst_list_dev_environments.Rd:29): Warning: missing </ul> before </div> codecatalyst_list_event_logs.html:82:1 (codecatalyst_list_event_logs.Rd:34): Warning: missing </ul> before </div> codecatalyst_list_projects.html:70:1 (codecatalyst_list_projects.Rd:26): Warning: missing </ul> before </div> codecatalyst_list_source_repositories.html:69:1 (codecatalyst_list_source_repositories.Rd:25): Warning: missing </ul> before </div> codecatalyst_list_source_repository_branches.html:74:1 (codecatalyst_list_source_repository_branches.Rd:28): Warning: missing </ul> before </div> codecatalyst_list_spaces.html:49:1 (codecatalyst_list_spaces.Rd:11): Warning: missing </ul> before </div> codecatalyst_list_workflow_runs.html:80:1 (codecatalyst_list_workflow_runs.Rd:32): Warning: missing </ul> before </div> codecatalyst_list_workflows.html:74:1 (codecatalyst_list_workflows.Rd:28): Warning: missing </ul> before </div> codecatalyst_start_dev_environment.html:78:1 (codecatalyst_start_dev_environment.Rd:30): Warning: missing </ul> before </div> codecatalyst_start_dev_environment_session.html:65:1 (codecatalyst_start_dev_environment_session.Rd:21): Warning: missing </ul> before </div> codecatalyst_start_workflow_run.html:69:1 (codecatalyst_start_workflow_run.Rd:25): Warning: missing </ul> before </div> codecatalyst_stop_dev_environment.html:56:1 (codecatalyst_stop_dev_environment.Rd:14): Warning: missing </ul> before </div> codecatalyst_stop_dev_environment_session.html:68:1 (codecatalyst_stop_dev_environment_session.Rd:24): Warning: missing </ul> before </div> codecatalyst_update_dev_environment.html:98:1 (codecatalyst_update_dev_environment.Rd:46): Warning: missing </ul> before </div> codecatalyst_update_project.html:56:1 (codecatalyst_update_project.Rd:14): Warning: missing </ul> before </div> codecatalyst_update_space.html:52:1 (codecatalyst_update_space.Rd:12): Warning: missing </ul> before </div> codecommit_associate_approval_rule_template_with_repository.html:56:1 (codecommit_associate_approval_rule_template_with_repository.Rd:16): Warning: missing </ul> before </div> codecommit_batch_associ_approv_rule_templa_with_reposi.html:60:1 (codecommit_batch_associ_approv_rule_templa_with_reposi.Rd:20): Warning: missing </ul> before </div> codecommit_batch_describe_merge_conflicts.html:109:1 (codecommit_batch_describe_merge_conflicts.Rd:53): Warning: missing </ul> before </div> codecommit_batch_disass_approv_rule_templa_from_reposi.html:61:1 (codecommit_batch_disass_approv_rule_templa_from_reposi.Rd:21): Warning: missing </ul> before </div> codecommit_batch_get_commits.html:56:1 (codecommit_batch_get_commits.Rd:16): Warning: missing </ul> before </div> codecommit_batch_get_repositories.html:51:1 (codecommit_batch_get_repositories.Rd:13): Warning: missing </ul> before </div> codecommit_create_approval_rule_template.html:108:1 (codecommit_create_approval_rule_template.Rd:56): Warning: missing </ul> before </div> codecommit_create_branch.html:56:1 (codecommit_create_branch.Rd:14): Warning: missing </ul> before </div> codecommit_create_commit.html:102:1 (codecommit_create_commit.Rd:46): Warning: missing </ul> before </div> codecommit_create_pull_request.html:77:1 (codecommit_create_pull_request.Rd:33): Warning: missing </ul> before </div> codecommit_create_pull_request_approval_rule.html:103:1 (codecommit_create_pull_request_approval_rule.Rd:51): Warning: missing </ul> before </div> codecommit_create_repository.html:87:1 (codecommit_create_repository.Rd:43): Warning: missing </ul> before </div> codecommit_create_unreferenced_merge_commit.html:116:1 (codecommit_create_unreferenced_merge_commit.Rd:58): Warning: missing </ul> before </div> codecommit_delete_approval_rule_template.html:48:1 (codecommit_delete_approval_rule_template.Rd:10): Warning: missing </ul> before </div> codecommit_delete_branch.html:53:1 (codecommit_delete_branch.Rd:13): Warning: missing </ul> before </div> codecommit_delete_comment_content.html:52:1 (codecommit_delete_comment_content.Rd:14): Warning: missing </ul> before </div> codecommit_delete_file.html:101:1 (codecommit_delete_file.Rd:49): Warning: missing </ul> before </div> codecommit_delete_pull_request_approval_rule.html:53:1 (codecommit_delete_pull_request_approval_rule.Rd:13): Warning: missing </ul> before </div> codecommit_delete_repository.html:48:1 (codecommit_delete_repository.Rd:10): Warning: missing </ul> before </div> codecommit_describe_merge_conflicts.html:103:1 (codecommit_describe_merge_conflicts.Rd:49): Warning: missing </ul> before </div> codecommit_describe_pull_request_events.html:77:1 (codecommit_describe_pull_request_events.Rd:31): Warning: missing </ul> before </div> codecommit_disass_approv_rule_templa_from_reposi.html:58:1 (codecommit_disass_approv_rule_templa_from_reposi.Rd:18): Warning: missing </ul> before </div> codecommit_evaluate_pull_request_approval_rules.html:55:1 (codecommit_evaluate_pull_request_approval_rules.Rd:15): Warning: missing </ul> before </div> codecommit_get_approval_rule_template.html:49:1 (codecommit_get_approval_rule_template.Rd:11): Warning: missing </ul> before </div> codecommit_get_blob.html:53:1 (codecommit_get_blob.Rd:13): Warning: missing </ul> before </div> codecommit_get_branch.html:54:1 (codecommit_get_branch.Rd:14): Warning: missing </ul> before </div> codecommit_get_comment.html:52:1 (codecommit_get_comment.Rd:14): Warning: missing </ul> before </div> codecommit_get_comment_reactions.html:68:1 (codecommit_get_comment_reactions.Rd:24): Warning: missing </ul> before </div> codecommit_get_comments_for_compared_commit.html:75:1 (codecommit_get_comments_for_compared_commit.Rd:29): Warning: missing </ul> before </div> codecommit_get_comments_for_pull_request.html:87:1 (codecommit_get_comments_for_pull_request.Rd:39): Warning: missing </ul> before </div> codecommit_get_commit.html:53:1 (codecommit_get_commit.Rd:13): Warning: missing </ul> before </div> codecommit_get_differences.html:95:1 (codecommit_get_differences.Rd:45): Warning: missing </ul> before </div> codecommit_get_file.html:62:1 (codecommit_get_file.Rd:20): Warning: missing </ul> before </div> codecommit_get_folder.html:63:1 (codecommit_get_folder.Rd:21): Warning: missing </ul> before </div> codecommit_get_merge_commit.html:80:1 (codecommit_get_merge_commit.Rd:34): Warning: missing </ul> before </div> codecommit_get_merge_conflicts.html:96:1 (codecommit_get_merge_conflicts.Rd:44): Warning: missing </ul> before </div> codecommit_get_merge_options.html:81:1 (codecommit_get_merge_options.Rd:35): Warning: missing </ul> before </div> codecommit_get_pull_request.html:49:1 (codecommit_get_pull_request.Rd:11): Warning: missing </ul> before </div> codecommit_get_pull_request_approval_states.html:52:1 (codecommit_get_pull_request_approval_states.Rd:12): Warning: missing </ul> before </div> codecommit_get_pull_request_override_state.html:58:1 (codecommit_get_pull_request_override_state.Rd:18): Warning: missing </ul> before </div> codecommit_get_repository.html:48:1 (codecommit_get_repository.Rd:10): Warning: missing </ul> before </div> codecommit_get_repository_triggers.html:48:1 (codecommit_get_repository_triggers.Rd:10): Warning: missing </ul> before </div> codecommit_list_approval_rule_templates.html:55:1 (codecommit_list_approval_rule_templates.Rd:15): Warning: missing </ul> before </div> codecommit_list_associ_approv_rule_templa_for_reposi.html:64:1 (codecommit_list_associ_approv_rule_templa_for_reposi.Rd:22): Warning: missing </ul> before </div> codecommit_list_branches.html:52:1 (codecommit_list_branches.Rd:12): Warning: missing </ul> before </div> codecommit_list_file_commit_history.html:75:1 (codecommit_list_file_commit_history.Rd:29): Warning: missing </ul> before </div> codecommit_list_pull_requests.html:75:1 (codecommit_list_pull_requests.Rd:29): Warning: missing </ul> before </div> codecommit_list_repositories.html:59:1 (codecommit_list_repositories.Rd:17): Warning: missing </ul> before </div> codecommit_list_repositories_for_approval_rule_template.html:64:1 (codecommit_list_repositories_for_approval_rule_template.Rd:22): Warning: missing </ul> before </div> codecommit_list_tags_for_resource.html:55:1 (codecommit_list_tags_for_resource.Rd:15): Warning: missing </ul> before </div> codecommit_merge_branches_by_fast_forward.html:67:1 (codecommit_merge_branches_by_fast_forward.Rd:23): Warning: missing </ul> before </div> codecommit_merge_branches_by_squash.html:115:1 (codecommit_merge_branches_by_squash.Rd:57): Warning: missing </ul> before </div> codecommit_merge_branches_by_three_way.html:114:1 (codecommit_merge_branches_by_three_way.Rd:56): Warning: missing </ul> before </div> codecommit_merge_pull_request_by_fast_forward.html:66:1 (codecommit_merge_pull_request_by_fast_forward.Rd:24): Warning: missing </ul> before </div> codecommit_merge_pull_request_by_squash.html:113:1 (codecommit_merge_pull_request_by_squash.Rd:57): Warning: missing </ul> before </div> codecommit_merge_pull_request_by_three_way.html:113:1 (codecommit_merge_pull_request_by_three_way.Rd:57): Warning: missing </ul> before </div> codecommit_override_pull_request_approval_rules.html:67:1 (codecommit_override_pull_request_approval_rules.Rd:25): Warning: missing </ul> before </div> codecommit_post_comment_for_compared_commit.html:83:1 (codecommit_post_comment_for_compared_commit.Rd:35): Warning: missing </ul> before </div> codecommit_post_comment_for_pull_request.html:92:1 (codecommit_post_comment_for_pull_request.Rd:42): Warning: missing </ul> before </div> codecommit_post_comment_reply.html:65:1 (codecommit_post_comment_reply.Rd:23): Warning: missing </ul> before </div> codecommit_put_comment_reaction.html:56:1 (codecommit_put_comment_reaction.Rd:16): Warning: missing </ul> before </div> codecommit_put_file.html:107:1 (codecommit_put_file.Rd:53): Warning: missing </ul> before </div> codecommit_put_repository_triggers.html:53:1 (codecommit_put_repository_triggers.Rd:13): Warning: missing </ul> before </div> codecommit_tag_resource.html:53:1 (codecommit_tag_resource.Rd:13): Warning: missing </ul> before </div> codecommit_test_repository_triggers.html:53:1 (codecommit_test_repository_triggers.Rd:13): Warning: missing </ul> before </div> codecommit_untag_resource.html:53:1 (codecommit_untag_resource.Rd:13): Warning: missing </ul> before </div> codecommit_update_approval_rule_template_content.html:64:1 (codecommit_update_approval_rule_template_content.Rd:22): Warning: missing </ul> before </div> codecommit_update_approval_rule_template_description.html:55:1 (codecommit_update_approval_rule_template_description.Rd:15): Warning: missing </ul> before </div> codecommit_update_approval_rule_template_name.html:55:1 (codecommit_update_approval_rule_template_name.Rd:15): Warning: missing </ul> before </div> codecommit_update_comment.html:56:1 (codecommit_update_comment.Rd:16): Warning: missing </ul> before </div> codecommit_update_default_branch.html:53:1 (codecommit_update_default_branch.Rd:13): Warning: missing </ul> before </div> codecommit_update_pull_request_approval_rule_content.html:107:1 (codecommit_update_pull_request_approval_rule_content.Rd:53): Warning: missing </ul> before </div> codecommit_update_pull_request_approval_state.html:60:1 (codecommit_update_pull_request_approval_state.Rd:18): Warning: missing </ul> before </div> codecommit_update_pull_request_description.html:54:1 (codecommit_update_pull_request_description.Rd:14): Warning: missing </ul> before </div> codecommit_update_pull_request_status.html:55:1 (codecommit_update_pull_request_status.Rd:15): Warning: missing </ul> before </div> codecommit_update_pull_request_title.html:53:1 (codecommit_update_pull_request_title.Rd:13): Warning: missing </ul> before </div> codecommit_update_repository_description.html:57:1 (codecommit_update_repository_description.Rd:17): Warning: missing </ul> before </div> codecommit_update_repository_encryption_key.html:59:1 (codecommit_update_repository_encryption_key.Rd:19): Warning: missing </ul> before </div> codecommit_update_repository_name.html:52:1 (codecommit_update_repository_name.Rd:12): Warning: missing </ul> before </div> codeconnections_create_connection.html:69:1 (codeconnections_create_connection.Rd:25): Warning: missing </ul> before </div> codeconnections_create_host.html:77:1 (codeconnections_create_host.Rd:31): Warning: missing </ul> before </div> codeconnections_create_repository_link.html:73:1 (codeconnections_create_repository_link.Rd:27): Warning: missing </ul> before </div> codeconnections_create_sync_configuration.html:102:1 (codeconnections_create_sync_configuration.Rd:48): Warning: missing </ul> before </div> codeconnections_delete_connection.html:50:1 (codeconnections_delete_connection.Rd:12): Warning: missing </ul> before </div> codeconnections_delete_host.html:48:1 (codeconnections_delete_host.Rd:10): Warning: missing </ul> before </div> codeconnections_delete_repository_link.html:49:1 (codeconnections_delete_repository_link.Rd:11): Warning: missing </ul> before </div> codeconnections_delete_sync_configuration.html:53:1 (codeconnections_delete_sync_configuration.Rd:13): Warning: missing </ul> before </div> codeconnections_get_connection.html:49:1 (codeconnections_get_connection.Rd:11): Warning: missing </ul> before </div> codeconnections_get_host.html:49:1 (codeconnections_get_host.Rd:11): Warning: missing </ul> before </div> codeconnections_get_repository_link.html:48:1 (codeconnections_get_repository_link.Rd:10): Warning: missing </ul> before </div> codeconnections_get_repository_sync_status.html:57:1 (codeconnections_get_repository_sync_status.Rd:15): Warning: missing </ul> before </div> codeconnections_get_resource_sync_status.html:54:1 (codeconnections_get_resource_sync_status.Rd:14): Warning: missing </ul> before </div> codeconnections_get_sync_blocker_summary.html:53:1 (codeconnections_get_sync_blocker_summary.Rd:13): Warning: missing </ul> before </div> codeconnections_get_sync_configuration.html:55:1 (codeconnections_get_sync_configuration.Rd:15): Warning: missing </ul> before </div> codeconnections_list_connections.html:71:1 (codeconnections_list_connections.Rd:27): Warning: missing </ul> before </div> codeconnections_list_hosts.html:56:1 (codeconnections_list_hosts.Rd:16): Warning: missing </ul> before </div> codeconnections_list_repository_links.html:54:1 (codeconnections_list_repository_links.Rd:14): Warning: missing </ul> before </div> codeconnections_list_repository_sync_definitions.html:55:1 (codeconnections_list_repository_sync_definitions.Rd:15): Warning: missing </ul> before </div> codeconnections_list_sync_configurations.html:68:1 (codeconnections_list_sync_configurations.Rd:24): Warning: missing </ul> before </div> codeconnections_list_tags_for_resource.html:50:1 (codeconnections_list_tags_for_resource.Rd:12): Warning: missing </ul> before </div> codeconnections_tag_resource.html:53:1 (codeconnections_tag_resource.Rd:13): Warning: missing </ul> before </div> codeconnections_untag_resource.html:52:1 (codeconnections_untag_resource.Rd:12): Warning: missing </ul> before </div> codeconnections_update_host.html:62:1 (codeconnections_update_host.Rd:20): Warning: missing </ul> before </div> codeconnections_update_repository_link.html:65:1 (codeconnections_update_repository_link.Rd:23): Warning: missing </ul> before </div> codeconnections_update_sync_blocker.html:61:1 (codeconnections_update_sync_blocker.Rd:17): Warning: missing </ul> before </div> codeconnections_update_sync_configuration.html:94:1 (codeconnections_update_sync_configuration.Rd:40): Warning: missing </ul> before </div> codedeploy_add_tags_to_on_premises_instances.html:55:1 (codedeploy_add_tags_to_on_premises_instances.Rd:15): Warning: missing </ul> before </div> codedeploy_batch_get_application_revisions.html:55:1 (codedeploy_batch_get_application_revisions.Rd:15): Warning: missing </ul> before </div> codedeploy_batch_get_applications.html:49:1 (codedeploy_batch_get_applications.Rd:11): Warning: missing </ul> before </div> codedeploy_batch_get_deployment_groups.html:53:1 (codedeploy_batch_get_deployment_groups.Rd:13): Warning: missing </ul> before </div> codedeploy_batch_get_deployment_instances.html:53:1 (codedeploy_batch_get_deployment_instances.Rd:13): Warning: missing </ul> before </div> codedeploy_batch_get_deployment_targets.html:78:1 (codedeploy_batch_get_deployment_targets.Rd:29): Warning: missing </ul> before </div> codedeploy_batch_get_deployments.html:49:1 (codedeploy_batch_get_deployments.Rd:11): Warning: missing </ul> before </div> codedeploy_batch_get_on_premises_instances.html:49:1 (codedeploy_batch_get_on_premises_instances.Rd:11): Warning: missing </ul> before </div> codedeploy_continue_deployment.html:59:1 (codedeploy_continue_deployment.Rd:19): Warning: missing </ul> before </div> codedeploy_create_application.html:64:1 (codedeploy_create_application.Rd:22): Warning: missing </ul> before </div> codedeploy_create_deployment.html:170:1 (codedeploy_create_deployment.Rd:105): Warning: missing </ul> before </div> codedeploy_create_deployment_config.html:99:1 (codedeploy_create_deployment_config.Rd:48): Warning: missing </ul> before </div> codedeploy_create_deployment_group.html:195:1 (codedeploy_create_deployment_group.Rd:121): Warning: missing </ul> before </div> codedeploy_delete_application.html:49:1 (codedeploy_delete_application.Rd:11): Warning: missing </ul> before </div> codedeploy_delete_deployment_config.html:49:1 (codedeploy_delete_deployment_config.Rd:11): Warning: missing </ul> before </div> codedeploy_delete_deployment_group.html:53:1 (codedeploy_delete_deployment_group.Rd:13): Warning: missing </ul> before </div> codedeploy_delete_git_hub_account_token.html:48:1 (codedeploy_delete_git_hub_account_token.Rd:10): Warning: missing </ul> before </div> codedeploy_delete_resources_by_external_id.html:49:1 (codedeploy_delete_resources_by_external_id.Rd:11): Warning: missing </ul> before </div> codedeploy_deregister_on_premises_instance.html:48:1 (codedeploy_deregister_on_premises_instance.Rd:10): Warning: missing </ul> before </div> codedeploy_get_application.html:49:1 (codedeploy_get_application.Rd:11): Warning: missing </ul> before </div> codedeploy_get_application_revision.html:53:1 (codedeploy_get_application_revision.Rd:13): Warning: missing </ul> before </div> codedeploy_get_deployment.html:49:1 (codedeploy_get_deployment.Rd:11): Warning: missing </ul> before </div> codedeploy_get_deployment_config.html:49:1 (codedeploy_get_deployment_config.Rd:11): Warning: missing </ul> before </div> codedeploy_get_deployment_group.html:53:1 (codedeploy_get_deployment_group.Rd:13): Warning: missing </ul> before </div> codedeploy_get_deployment_instance.html:52:1 (codedeploy_get_deployment_instance.Rd:12): Warning: missing </ul> before </div> codedeploy_get_deployment_target.html:52:1 (codedeploy_get_deployment_target.Rd:12): Warning: missing </ul> before </div> codedeploy_get_on_premises_instance.html:48:1 (codedeploy_get_on_premises_instance.Rd:10): Warning: missing </ul> before </div> codedeploy_list_application_revisions.html:132:1 (codedeploy_list_application_revisions.Rd:63): Warning: missing </ul> before </div> codedeploy_list_applications.html:50:1 (codedeploy_list_applications.Rd:12): Warning: missing </ul> before </div> codedeploy_list_deployment_configs.html:52:1 (codedeploy_list_deployment_configs.Rd:14): Warning: missing </ul> before </div> codedeploy_list_deployment_groups.html:55:1 (codedeploy_list_deployment_groups.Rd:15): Warning: missing </ul> before </div> codedeploy_list_deployment_instances.html:93:1 (codedeploy_list_deployment_instances.Rd:36): Warning: missing </ul> before </div> codedeploy_list_deployment_targets.html:74:1 (codedeploy_list_deployment_targets.Rd:27): Warning: missing </ul> before </div> codedeploy_list_deployments.html:110:1 (codedeploy_list_deployments.Rd:49): Warning: missing </ul> before </div> codedeploy_list_git_hub_account_token_names.html:50:1 (codedeploy_list_git_hub_account_token_names.Rd:12): Warning: missing </ul> before </div> codedeploy_list_on_premises_instances.html:74:1 (codedeploy_list_on_premises_instances.Rd:27): Warning: missing </ul> before </div> codedeploy_list_tags_for_resource.html:58:1 (codedeploy_list_tags_for_resource.Rd:18): Warning: missing </ul> before </div> codedeploy_put_lifecycle_event_hook_execution_status.html:65:1 (codedeploy_put_lifecycle_event_hook_execution_status.Rd:23): Warning: missing </ul> before </div> codedeploy_register_application_revision.html:62:1 (codedeploy_register_application_revision.Rd:20): Warning: missing </ul> before </div> codedeploy_register_on_premises_instance.html:60:1 (codedeploy_register_on_premises_instance.Rd:18): Warning: missing </ul> before </div> codedeploy_remove_tags_from_on_premises_instances.html:52:1 (codedeploy_remove_tags_from_on_premises_instances.Rd:12): Warning: missing </ul> before </div> codedeploy_skip_wait_time_for_instance_termination.html:50:1 (codedeploy_skip_wait_time_for_instance_termination.Rd:12): Warning: missing </ul> before </div> codedeploy_stop_deployment.html:54:1 (codedeploy_stop_deployment.Rd:14): Warning: missing </ul> before </div> codedeploy_tag_resource.html:56:1 (codedeploy_tag_resource.Rd:16): Warning: missing </ul> before </div> codedeploy_untag_resource.html:55:1 (codedeploy_untag_resource.Rd:15): Warning: missing </ul> before </div> codedeploy_update_application.html:55:1 (codedeploy_update_application.Rd:15): Warning: missing </ul> before </div> codedeploy_update_deployment_group.html:193:1 (codedeploy_update_deployment_group.Rd:114): Warning: missing </ul> before </div> codeguruprofiler_add_notification_channels.html:53:1 (codeguruprofiler_add_notification_channels.Rd:13): Warning: missing </ul> before </div> codeguruprofiler_batch_get_frame_metric_data.html:104:1 (codeguruprofiler_batch_get_frame_metric_data.Rd:49): Warning: missing </ul> before </div> codeguruprofiler_configure_agent.html:103:1 (codeguruprofiler_configure_agent.Rd:42): Warning: missing </ul> before </div> codeguruprofiler_create_profiling_group.html:77:1 (codeguruprofiler_create_profiling_group.Rd:31): Warning: missing </ul> before </div> codeguruprofiler_delete_profiling_group.html:48:1 (codeguruprofiler_delete_profiling_group.Rd:10): Warning: missing </ul> before </div> codeguruprofiler_describe_profiling_group.html:49:1 (codeguruprofiler_describe_profiling_group.Rd:11): Warning: missing </ul> before </div> codeguruprofiler_get_findings_report_account_summary.html:80:1 (codeguruprofiler_get_findings_report_account_summary.Rd:38): Warning: missing </ul> before </div> codeguruprofiler_get_notification_configuration.html:50:1 (codeguruprofiler_get_notification_configuration.Rd:12): Warning: missing </ul> before </div> codeguruprofiler_get_policy.html:48:1 (codeguruprofiler_get_policy.Rd:10): Warning: missing </ul> before </div> codeguruprofiler_get_profile.html:97:1 (codeguruprofiler_get_profile.Rd:52): Warning: missing </ul> before </div> codeguruprofiler_get_recommendations.html:109:1 (codeguruprofiler_get_recommendations.Rd:42): Warning: missing </ul> before </div> codeguruprofiler_list_findings_reports.html:99:1 (codeguruprofiler_list_findings_reports.Rd:51): Warning: missing </ul> before </div> codeguruprofiler_list_profile_times.html:113:1 (codeguruprofiler_list_profile_times.Rd:56): Warning: missing </ul> before </div> codeguruprofiler_list_profiling_groups.html:80:1 (codeguruprofiler_list_profiling_groups.Rd:38): Warning: missing </ul> before </div> codeguruprofiler_list_tags_for_resource.html:49:1 (codeguruprofiler_list_tags_for_resource.Rd:11): Warning: missing </ul> before </div> codeguruprofiler_post_agent_profile.html:72:1 (codeguruprofiler_post_agent_profile.Rd:29): Warning: missing </ul> before </div> codeguruprofiler_put_permission.html:75:1 (codeguruprofiler_put_permission.Rd:31): Warning: missing </ul> before </div> codeguruprofiler_remove_notification_channel.html:53:1 (codeguruprofiler_remove_notification_channel.Rd:13): Warning: missing </ul> before </div> codeguruprofiler_remove_permission.html:62:1 (codeguruprofiler_remove_permission.Rd:20): Warning: missing </ul> before </div> codeguruprofiler_submit_feedback.html:69:1 (codeguruprofiler_submit_feedback.Rd:25): Warning: missing </ul> before </div> codeguruprofiler_tag_resource.html:53:1 (codeguruprofiler_tag_resource.Rd:13): Warning: missing </ul> before </div> codeguruprofiler_untag_resource.html:54:1 (codeguruprofiler_untag_resource.Rd:14): Warning: missing </ul> before </div> codeguruprofiler_update_profiling_group.html:56:1 (codeguruprofiler_update_profiling_group.Rd:16): Warning: missing </ul> before </div> codegurureviewer_associate_repository.html:95:1 (codegurureviewer_associate_repository.Rd:41): Warning: missing </ul> before </div> codegurureviewer_create_code_review.html:75:1 (codegurureviewer_create_code_review.Rd:31): Warning: missing </ul> before </div> codegurureviewer_describe_code_review.html:51:1 (codegurureviewer_describe_code_review.Rd:13): Warning: missing </ul> before </div> codegurureviewer_describe_recommendation_feedback.html:69:1 (codegurureviewer_describe_recommendation_feedback.Rd:27): Warning: missing </ul> before </div> codegurureviewer_describe_repository_association.html:52:1 (codegurureviewer_describe_repository_association.Rd:14): Warning: missing </ul> before </div> codegurureviewer_disassociate_repository.html:52:1 (codegurureviewer_disassociate_repository.Rd:14): Warning: missing </ul> before </div> codegurureviewer_list_code_reviews.html:102:1 (codegurureviewer_list_code_reviews.Rd:45): Warning: missing </ul> before </div> codegurureviewer_list_recommendation_feedback.html:84:1 (codegurureviewer_list_recommendation_feedback.Rd:38): Warning: missing </ul> before </div> codegurureviewer_list_recommendations.html:63:1 (codegurureviewer_list_recommendations.Rd:21): Warning: missing </ul> before </div> codegurureviewer_list_repository_associations.html:141:1 (codegurureviewer_list_repository_associations.Rd:77): Warning: missing </ul> before </div> codegurureviewer_list_tags_for_resource.html:52:1 (codegurureviewer_list_tags_for_resource.Rd:14): Warning: missing </ul> before </div> codegurureviewer_put_recommendation_feedback.html:64:1 (codegurureviewer_put_recommendation_feedback.Rd:22): Warning: missing </ul> before </div> codegurureviewer_tag_resource.html:69:1 (codegurureviewer_tag_resource.Rd:24): Warning: missing </ul> before </div> codegurureviewer_untag_resource.html:56:1 (codegurureviewer_untag_resource.Rd:16): Warning: missing </ul> before </div> codegurusecurity_batch_get_findings.html:50:1 (codegurusecurity_batch_get_findings.Rd:12): Warning: missing </ul> before </div> codegurusecurity_create_scan.html:101:1 (codegurusecurity_create_scan.Rd:48): Warning: missing </ul> before </div> codegurusecurity_create_upload_url.html:53:1 (codegurusecurity_create_upload_url.Rd:15): Warning: missing </ul> before </div> codegurusecurity_get_findings.html:73:1 (codegurusecurity_get_findings.Rd:29): Warning: missing </ul> before </div> codegurusecurity_get_metrics_summary.html:52:1 (codegurusecurity_get_metrics_summary.Rd:14): Warning: missing </ul> before </div> codegurusecurity_get_scan.html:56:1 (codegurusecurity_get_scan.Rd:16): Warning: missing </ul> before </div> codegurusecurity_list_findings_metrics.html:75:1 (codegurusecurity_list_findings_metrics.Rd:31): Warning: missing </ul> before </div> codegurusecurity_list_scans.html:59:1 (codegurusecurity_list_scans.Rd:19): Warning: missing </ul> before </div> codegurusecurity_list_tags_for_resource.html:51:1 (codegurusecurity_list_tags_for_resource.Rd:13): Warning: missing </ul> before </div> codegurusecurity_tag_resource.html:68:1 (codegurusecurity_tag_resource.Rd:23): Warning: missing </ul> before </div> codegurusecurity_untag_resource.html:55:1 (codegurusecurity_untag_resource.Rd:15): Warning: missing </ul> before </div> codegurusecurity_update_account_configuration.html:51:1 (codegurusecurity_update_account_configuration.Rd:13): Warning: missing </ul> before </div> codepipeline_acknowledge_job.html:57:1 (codepipeline_acknowledge_job.Rd:17): Warning: missing </ul> before </div> codepipeline_acknowledge_third_party_job.html:62:1 (codepipeline_acknowledge_third_party_job.Rd:20): Warning: missing </ul> before </div> codepipeline_create_custom_action_type.html:93:1 (codepipeline_create_custom_action_type.Rd:41): Warning: missing </ul> before </div> codepipeline_create_pipeline.html:53:1 (codepipeline_create_pipeline.Rd:13): Warning: missing </ul> before </div> codepipeline_delete_custom_action_type.html:58:1 (codepipeline_delete_custom_action_type.Rd:16): Warning: missing </ul> before </div> codepipeline_delete_pipeline.html:48:1 (codepipeline_delete_pipeline.Rd:10): Warning: missing </ul> before </div> codepipeline_delete_webhook.html:48:1 (codepipeline_delete_webhook.Rd:10): Warning: missing </ul> before </div> codepipeline_deregister_webhook_with_third_party.html:49:1 (codepipeline_deregister_webhook_with_third_party.Rd:11): Warning: missing </ul> before </div> codepipeline_disable_stage_transition.html:73:1 (codepipeline_disable_stage_transition.Rd:29): Warning: missing </ul> before </div> codepipeline_enable_stage_transition.html:62:1 (codepipeline_enable_stage_transition.Rd:20): Warning: missing </ul> before </div> codepipeline_get_action_type.html:89:1 (codepipeline_get_action_type.Rd:30): Warning: missing </ul> before </div> codepipeline_get_job_details.html:48:1 (codepipeline_get_job_details.Rd:10): Warning: missing </ul> before </div> codepipeline_get_pipeline.html:54:1 (codepipeline_get_pipeline.Rd:14): Warning: missing </ul> before </div> codepipeline_get_pipeline_execution.html:55:1 (codepipeline_get_pipeline_execution.Rd:15): Warning: missing </ul> before </div> codepipeline_get_pipeline_state.html:49:1 (codepipeline_get_pipeline_state.Rd:11): Warning: missing </ul> before </div> codepipeline_get_third_party_job_details.html:54:1 (codepipeline_get_third_party_job_details.Rd:14): Warning: missing </ul> before </div> codepipeline_list_action_executions.html:72:1 (codepipeline_list_action_executions.Rd:28): Warning: missing </ul> before </div> codepipeline_list_action_types.html:63:1 (codepipeline_list_action_types.Rd:21): Warning: missing </ul> before </div> codepipeline_list_pipeline_executions.html:72:1 (codepipeline_list_pipeline_executions.Rd:28): Warning: missing </ul> before </div> codepipeline_list_pipelines.html:56:1 (codepipeline_list_pipelines.Rd:16): Warning: missing </ul> before </div> codepipeline_list_rule_executions.html:72:1 (codepipeline_list_rule_executions.Rd:28): Warning: missing </ul> before </div> codepipeline_list_rule_types.html:52:1 (codepipeline_list_rule_types.Rd:12): Warning: missing </ul> before </div> codepipeline_list_tags_for_resource.html:63:1 (codepipeline_list_tags_for_resource.Rd:21): Warning: missing </ul> before </div> codepipeline_list_webhooks.html:56:1 (codepipeline_list_webhooks.Rd:16): Warning: missing </ul> before </div> codepipeline_override_stage_condition.html:67:1 (codepipeline_override_stage_condition.Rd:23): Warning: missing </ul> before </div> codepipeline_poll_for_jobs.html:64:1 (codepipeline_poll_for_jobs.Rd:22): Warning: missing </ul> before </div> codepipeline_poll_for_third_party_jobs.html:53:1 (codepipeline_poll_for_third_party_jobs.Rd:13): Warning: missing </ul> before </div> codepipeline_put_action_revision.html:67:1 (codepipeline_put_action_revision.Rd:23): Warning: missing </ul> before </div> codepipeline_put_approval_result.html:80:1 (codepipeline_put_approval_result.Rd:34): Warning: missing </ul> before </div> codepipeline_put_job_failure_result.html:54:1 (codepipeline_put_job_failure_result.Rd:14): Warning: missing </ul> before </div> codepipeline_put_job_success_result.html:81:1 (codepipeline_put_job_success_result.Rd:35): Warning: missing </ul> before </div> codepipeline_put_third_party_job_failure_result.html:64:1 (codepipeline_put_third_party_job_failure_result.Rd:22): Warning: missing </ul> before </div> codepipeline_put_third_party_job_success_result.html:81:1 (codepipeline_put_third_party_job_success_result.Rd:35): Warning: missing </ul> before </div> codepipeline_put_webhook.html:57:1 (codepipeline_put_webhook.Rd:17): Warning: missing </ul> before </div> codepipeline_register_webhook_with_third_party.html:50:1 (codepipeline_register_webhook_with_third_party.Rd:12): Warning: missing </ul> before </div> codepipeline_retry_stage_execution.html:68:1 (codepipeline_retry_stage_execution.Rd:24): Warning: missing </ul> before </div> codepipeline_rollback_stage.html:56:1 (codepipeline_rollback_stage.Rd:14): Warning: missing </ul> before </div> codepipeline_start_pipeline_execution.html:71:1 (codepipeline_start_pipeline_execution.Rd:27): Warning: missing </ul> before </div> codepipeline_stop_pipeline_execution.html:71:1 (codepipeline_stop_pipeline_execution.Rd:27): Warning: missing </ul> before </div> codepipeline_tag_resource.html:52:1 (codepipeline_tag_resource.Rd:12): Warning: missing </ul> before </div> codepipeline_untag_resource.html:52:1 (codepipeline_untag_resource.Rd:12): Warning: missing </ul> before </div> codepipeline_update_action_type.html:50:1 (codepipeline_update_action_type.Rd:12): Warning: missing </ul> before </div> codepipeline_update_pipeline.html:48:1 (codepipeline_update_pipeline.Rd:10): Warning: missing </ul> before </div> codestarconnections_create_connection.html:69:1 (codestarconnections_create_connection.Rd:25): Warning: missing </ul> before </div> codestarconnections_create_host.html:77:1 (codestarconnections_create_host.Rd:31): Warning: missing </ul> before </div> codestarconnections_create_repository_link.html:73:1 (codestarconnections_create_repository_link.Rd:27): Warning: missing </ul> before </div> codestarconnections_create_sync_configuration.html:96:1 (codestarconnections_create_sync_configuration.Rd:44): Warning: missing </ul> before </div> codestarconnections_delete_connection.html:50:1 (codestarconnections_delete_connection.Rd:12): Warning: missing </ul> before </div> codestarconnections_delete_host.html:48:1 (codestarconnections_delete_host.Rd:10): Warning: missing </ul> before </div> codestarconnections_delete_repository_link.html:49:1 (codestarconnections_delete_repository_link.Rd:11): Warning: missing </ul> before </div> codestarconnections_delete_sync_configuration.html:53:1 (codestarconnections_delete_sync_configuration.Rd:13): Warning: missing </ul> before </div> codestarconnections_get_connection.html:49:1 (codestarconnections_get_connection.Rd:11): Warning: missing </ul> before </div> codestarconnections_get_host.html:49:1 (codestarconnections_get_host.Rd:11): Warning: missing </ul> before </div> codestarconnections_get_repository_link.html:48:1 (codestarconnections_get_repository_link.Rd:10): Warning: missing </ul> before </div> codestarconnections_get_repository_sync_status.html:61:1 (codestarconnections_get_repository_sync_status.Rd:19): Warning: missing </ul> before </div> codestarconnections_get_resource_sync_status.html:54:1 (codestarconnections_get_resource_sync_status.Rd:14): Warning: missing </ul> before </div> codestarconnections_get_sync_blocker_summary.html:53:1 (codestarconnections_get_sync_blocker_summary.Rd:13): Warning: missing </ul> before </div> codestarconnections_get_sync_configuration.html:55:1 (codestarconnections_get_sync_configuration.Rd:15): Warning: missing </ul> before </div> codestarconnections_list_connections.html:71:1 (codestarconnections_list_connections.Rd:27): Warning: missing </ul> before </div> codestarconnections_list_hosts.html:56:1 (codestarconnections_list_hosts.Rd:16): Warning: missing </ul> before </div> codestarconnections_list_repository_links.html:54:1 (codestarconnections_list_repository_links.Rd:14): Warning: missing </ul> before </div> codestarconnections_list_repository_sync_definitions.html:58:1 (codestarconnections_list_repository_sync_definitions.Rd:18): Warning: missing </ul> before </div> codestarconnections_list_sync_configurations.html:68:1 (codestarconnections_list_sync_configurations.Rd:24): Warning: missing </ul> before </div> codestarconnections_list_tags_for_resource.html:50:1 (codestarconnections_list_tags_for_resource.Rd:12): Warning: missing </ul> before </div> codestarconnections_tag_resource.html:53:1 (codestarconnections_tag_resource.Rd:13): Warning: missing </ul> before </div> codestarconnections_untag_resource.html:52:1 (codestarconnections_untag_resource.Rd:12): Warning: missing </ul> before </div> codestarconnections_update_host.html:62:1 (codestarconnections_update_host.Rd:20): Warning: missing </ul> before </div> codestarconnections_update_repository_link.html:65:1 (codestarconnections_update_repository_link.Rd:23): Warning: missing </ul> before </div> codestarconnections_update_sync_blocker.html:66:1 (codestarconnections_update_sync_blocker.Rd:22): Warning: missing </ul> before </div> codestarconnections_update_sync_configuration.html:88:1 (codestarconnections_update_sync_configuration.Rd:36): Warning: missing </ul> before </div> codestarnotifications_create_notification_rule.html:107:1 (codestarnotifications_create_notification_rule.Rd:55): Warning: missing </ul> before </div> codestarnotifications_delete_notification_rule.html:49:1 (codestarnotifications_delete_notification_rule.Rd:11): Warning: missing </ul> before </div> codestarnotifications_delete_target.html:56:1 (codestarnotifications_delete_target.Rd:16): Warning: missing </ul> before </div> codestarnotifications_describe_notification_rule.html:48:1 (codestarnotifications_describe_notification_rule.Rd:10): Warning: missing </ul> before </div> codestarnotifications_list_event_types.html:64:1 (codestarnotifications_list_event_types.Rd:22): Warning: missing </ul> before </div> codestarnotifications_list_notification_rules.html:68:1 (codestarnotifications_list_notification_rules.Rd:26): Warning: missing </ul> before </div> codestarnotifications_list_tags_for_resource.html:48:1 (codestarnotifications_list_tags_for_resource.Rd:10): Warning: missing </ul> before </div> codestarnotifications_list_targets.html:68:1 (codestarnotifications_list_targets.Rd:26): Warning: missing </ul> before </div> codestarnotifications_subscribe.html:60:1 (codestarnotifications_subscribe.Rd:18): Warning: missing </ul> before </div> codestarnotifications_tag_resource.html:53:1 (codestarnotifications_tag_resource.Rd:13): Warning: missing </ul> before </div> codestarnotifications_unsubscribe.html:54:1 (codestarnotifications_unsubscribe.Rd:14): Warning: missing </ul> before </div> codestarnotifications_untag_resource.html:54:1 (codestarnotifications_untag_resource.Rd:14): Warning: missing </ul> before </div> codestarnotifications_update_notification_rule.html:83:1 (codestarnotifications_update_notification_rule.Rd:35): Warning: missing </ul> before </div> devopsguru_add_notification_channel.html:50:1 (devopsguru_add_notification_channel.Rd:12): Warning: missing </ul> before </div> devopsguru_delete_insight.html:49:1 (devopsguru_delete_insight.Rd:11): Warning: missing </ul> before </div> devopsguru_describe_account_overview.html:60:1 (devopsguru_describe_account_overview.Rd:20): Warning: missing </ul> before </div> devopsguru_describe_anomaly.html:52:1 (devopsguru_describe_anomaly.Rd:12): Warning: missing </ul> before </div> devopsguru_describe_feedback.html:49:1 (devopsguru_describe_feedback.Rd:11): Warning: missing </ul> before </div> devopsguru_describe_insight.html:52:1 (devopsguru_describe_insight.Rd:12): Warning: missing </ul> before </div> devopsguru_describe_organization_health.html:56:1 (devopsguru_describe_organization_health.Rd:16): Warning: missing </ul> before </div> devopsguru_describe_organization_overview.html:71:1 (devopsguru_describe_organization_overview.Rd:27): Warning: missing </ul> before </div> devopsguru_describe_organization_resource_collection_health.html:80:1 (devopsguru_describe_organization_resource_collection_health.Rd:34): Warning: missing </ul> before </div> devopsguru_describe_resource_collection_health.html:65:1 (devopsguru_describe_resource_collection_health.Rd:25): Warning: missing </ul> before </div> devopsguru_get_cost_estimation.html:50:1 (devopsguru_get_cost_estimation.Rd:12): Warning: missing </ul> before </div> devopsguru_get_resource_collection.html:56:1 (devopsguru_get_resource_collection.Rd:16): Warning: missing </ul> before </div> devopsguru_list_anomalies_for_insight.html:80:1 (devopsguru_list_anomalies_for_insight.Rd:32): Warning: missing </ul> before </div> devopsguru_list_anomalous_log_groups.html:63:1 (devopsguru_list_anomalous_log_groups.Rd:21): Warning: missing </ul> before </div> devopsguru_list_events.html:69:1 (devopsguru_list_events.Rd:25): Warning: missing </ul> before </div> devopsguru_list_insights.html:60:1 (devopsguru_list_insights.Rd:18): Warning: missing </ul> before </div> devopsguru_list_monitored_resources.html:65:1 (devopsguru_list_monitored_resources.Rd:23): Warning: missing </ul> before </div> devopsguru_list_notification_channels.html:49:1 (devopsguru_list_notification_channels.Rd:11): Warning: missing </ul> before </div> devopsguru_list_organization_insights.html:73:1 (devopsguru_list_organization_insights.Rd:27): Warning: missing </ul> before </div> devopsguru_list_recommendations.html:66:1 (devopsguru_list_recommendations.Rd:22): Warning: missing </ul> before </div> devopsguru_put_feedback.html:49:1 (devopsguru_put_feedback.Rd:11): Warning: missing </ul> before </div> devopsguru_remove_notification_channel.html:48:1 (devopsguru_remove_notification_channel.Rd:10): Warning: missing </ul> before </div> devopsguru_search_insights.html:75:1 (devopsguru_search_insights.Rd:29): Warning: missing </ul> before </div> devopsguru_search_organization_insights.html:79:1 (devopsguru_search_organization_insights.Rd:31): Warning: missing </ul> before </div> devopsguru_start_cost_estimation.html:54:1 (devopsguru_start_cost_estimation.Rd:14): Warning: missing </ul> before </div> devopsguru_update_event_sources_config.html:50:1 (devopsguru_update_event_sources_config.Rd:12): Warning: missing </ul> before </div> devopsguru_update_resource_collection.html:53:1 (devopsguru_update_resource_collection.Rd:13): Warning: missing </ul> before </div> devopsguru_update_service_integration.html:51:1 (devopsguru_update_service_integration.Rd:13): Warning: missing </ul> before </div> drs_associate_source_network_stack.html:53:1 (drs_associate_source_network_stack.Rd:13): Warning: missing </ul> before </div> drs_create_extended_source_server.html:54:1 (drs_create_extended_source_server.Rd:14): Warning: missing </ul> before </div> drs_create_launch_configuration_template.html:93:1 (drs_create_launch_configuration_template.Rd:39): Warning: missing </ul> before </div> drs_create_replication_configuration_template.html:128:1 (drs_create_replication_configuration_template.Rd:62): Warning: missing </ul> before </div> drs_create_source_network.html:60:1 (drs_create_source_network.Rd:16): Warning: missing </ul> before </div> drs_delete_job.html:48:1 (drs_delete_job.Rd:10): Warning: missing </ul> before </div> drs_delete_launch_action.html:52:1 (drs_delete_launch_action.Rd:12): Warning: missing </ul> before </div> drs_delete_launch_configuration_template.html:48:1 (drs_delete_launch_configuration_template.Rd:10): Warning: missing </ul> before </div> drs_delete_recovery_instance.html:48:1 (drs_delete_recovery_instance.Rd:10): Warning: missing </ul> before </div> drs_delete_replication_configuration_template.html:50:1 (drs_delete_replication_configuration_template.Rd:12): Warning: missing </ul> before </div> drs_delete_source_network.html:48:1 (drs_delete_source_network.Rd:10): Warning: missing </ul> before </div> drs_delete_source_server.html:48:1 (drs_delete_source_server.Rd:10): Warning: missing </ul> before </div> drs_describe_job_log_items.html:56:1 (drs_describe_job_log_items.Rd:14): Warning: missing </ul> before </div> drs_describe_jobs.html:56:1 (drs_describe_jobs.Rd:14): Warning: missing </ul> before </div> drs_describe_launch_configuration_templates.html:62:1 (drs_describe_launch_configuration_templates.Rd:20): Warning: missing </ul> before </div> drs_describe_recovery_instances.html:60:1 (drs_describe_recovery_instances.Rd:18): Warning: missing </ul> before </div> drs_describe_recovery_snapshots.html:70:1 (drs_describe_recovery_snapshots.Rd:24): Warning: missing </ul> before </div> drs_describe_replication_configuration_templates.html:62:1 (drs_describe_replication_configuration_templates.Rd:20): Warning: missing </ul> before </div> drs_describe_source_networks.html:60:1 (drs_describe_source_networks.Rd:18): Warning: missing </ul> before </div> drs_describe_source_servers.html:60:1 (drs_describe_source_servers.Rd:18): Warning: missing </ul> before </div> drs_disconnect_recovery_instance.html:48:1 (drs_disconnect_recovery_instance.Rd:10): Warning: missing </ul> before </div> drs_disconnect_source_server.html:48:1 (drs_disconnect_source_server.Rd:10): Warning: missing </ul> before </div> drs_export_source_network_cfn_template.html:49:1 (drs_export_source_network_cfn_template.Rd:11): Warning: missing </ul> before </div> drs_get_failback_replication_configuration.html:50:1 (drs_get_failback_replication_configuration.Rd:12): Warning: missing </ul> before </div> drs_get_launch_configuration.html:49:1 (drs_get_launch_configuration.Rd:11): Warning: missing </ul> before </div> drs_get_replication_configuration.html:48:1 (drs_get_replication_configuration.Rd:10): Warning: missing </ul> before </div> drs_list_extensible_source_servers.html:62:1 (drs_list_extensible_source_servers.Rd:20): Warning: missing </ul> before </div> drs_list_launch_actions.html:65:1 (drs_list_launch_actions.Rd:21): Warning: missing </ul> before </div> drs_list_staging_accounts.html:53:1 (drs_list_staging_accounts.Rd:13): Warning: missing </ul> before </div> drs_list_tags_for_resource.html:48:1 (drs_list_tags_for_resource.Rd:10): Warning: missing </ul> before </div> drs_put_launch_action.html:99:1 (drs_put_launch_action.Rd:42): Warning: missing </ul> before </div> drs_retry_data_replication.html:48:1 (drs_retry_data_replication.Rd:10): Warning: missing </ul> before </div> drs_reverse_replication.html:50:1 (drs_reverse_replication.Rd:12): Warning: missing </ul> before </div> drs_start_failback_launch.html:54:1 (drs_start_failback_launch.Rd:14): Warning: missing </ul> before </div> drs_start_recovery.html:56:1 (drs_start_recovery.Rd:14): Warning: missing </ul> before </div> drs_start_replication.html:48:1 (drs_start_replication.Rd:10): Warning: missing </ul> before </div> drs_start_source_network_recovery.html:62:1 (drs_start_source_network_recovery.Rd:20): Warning: missing </ul> before </div> drs_start_source_network_replication.html:48:1 (drs_start_source_network_replication.Rd:10): Warning: missing </ul> before </div> drs_stop_failback.html:48:1 (drs_stop_failback.Rd:10): Warning: missing </ul> before </div> drs_stop_replication.html:48:1 (drs_stop_replication.Rd:10): Warning: missing </ul> before </div> drs_stop_source_network_replication.html:48:1 (drs_stop_source_network_replication.Rd:10): Warning: missing </ul> before </div> drs_tag_resource.html:53:1 (drs_tag_resource.Rd:13): Warning: missing </ul> before </div> drs_terminate_recovery_instances.html:50:1 (drs_terminate_recovery_instances.Rd:12): Warning: missing </ul> before </div> drs_untag_resource.html:53:1 (drs_untag_resource.Rd:13): Warning: missing </ul> before </div> drs_update_failback_replication_configuration.html:68:1 (drs_update_failback_replication_configuration.Rd:24): Warning: missing </ul> before </div> drs_update_launch_configuration.html:95:1 (drs_update_launch_configuration.Rd:41): Warning: missing </ul> before </div> drs_update_launch_configuration_template.html:92:1 (drs_update_launch_configuration_template.Rd:38): Warning: missing </ul> before </div> drs_update_replication_configuration.html:137:1 (drs_update_replication_configuration.Rd:67): Warning: missing </ul> before </div> drs_update_replication_configuration_template.html:132:1 (drs_update_replication_configuration_template.Rd:64): Warning: missing </ul> before </div> fis_create_experiment_template.html:97:1 (fis_create_experiment_template.Rd:41): Warning: missing </ul> before </div> fis_create_target_account_configuration.html:71:1 (fis_create_target_account_configuration.Rd:25): Warning: missing </ul> before </div> fis_delete_experiment_template.html:48:1 (fis_delete_experiment_template.Rd:10): Warning: missing </ul> before </div> fis_delete_target_account_configuration.html:53:1 (fis_delete_target_account_configuration.Rd:13): Warning: missing </ul> before </div> fis_get_action.html:48:1 (fis_get_action.Rd:10): Warning: missing </ul> before </div> fis_get_experiment.html:48:1 (fis_get_experiment.Rd:10): Warning: missing </ul> before </div> fis_get_experiment_target_account_configuration.html:53:1 (fis_get_experiment_target_account_configuration.Rd:13): Warning: missing </ul> before </div> fis_get_experiment_template.html:48:1 (fis_get_experiment_template.Rd:10): Warning: missing </ul> before </div> fis_get_safety_lever.html:48:1 (fis_get_safety_lever.Rd:10): Warning: missing </ul> before </div> fis_get_target_account_configuration.html:53:1 (fis_get_target_account_configuration.Rd:13): Warning: missing </ul> before </div> fis_get_target_resource_type.html:48:1 (fis_get_target_resource_type.Rd:10): Warning: missing </ul> before </div> fis_list_actions.html:54:1 (fis_list_actions.Rd:14): Warning: missing </ul> before </div> fis_list_experiment_resolved_targets.html:67:1 (fis_list_experiment_resolved_targets.Rd:23): Warning: missing </ul> before </div> fis_list_experiment_target_account_configurations.html:55:1 (fis_list_experiment_target_account_configurations.Rd:15): Warning: missing </ul> before </div> fis_list_experiment_templates.html:54:1 (fis_list_experiment_templates.Rd:14): Warning: missing </ul> before </div> fis_list_experiments.html:62:1 (fis_list_experiments.Rd:20): Warning: missing </ul> before </div> fis_list_tags_for_resource.html:48:1 (fis_list_tags_for_resource.Rd:10): Warning: missing </ul> before </div> fis_list_target_account_configurations.html:63:1 (fis_list_target_account_configurations.Rd:21): Warning: missing </ul> before </div> fis_list_target_resource_types.html:54:1 (fis_list_target_resource_types.Rd:14): Warning: missing </ul> before </div> fis_start_experiment.html:66:1 (fis_start_experiment.Rd:22): Warning: missing </ul> before </div> fis_stop_experiment.html:48:1 (fis_stop_experiment.Rd:10): Warning: missing </ul> before </div> fis_tag_resource.html:52:1 (fis_tag_resource.Rd:12): Warning: missing </ul> before </div> fis_untag_resource.html:52:1 (fis_untag_resource.Rd:12): Warning: missing </ul> before </div> fis_update_experiment_template.html:91:1 (fis_update_experiment_template.Rd:37): Warning: missing </ul> before </div> fis_update_safety_lever_state.html:52:1 (fis_update_safety_lever_state.Rd:12): Warning: missing </ul> before </div> fis_update_target_account_configuration.html:66:1 (fis_update_target_account_configuration.Rd:22): Warning: missing </ul> before </div> wellarchitected_associate_lenses.html:52:1 (wellarchitected_associate_lenses.Rd:12): Warning: missing </ul> before </div> wellarchitected_associate_profiles.html:52:1 (wellarchitected_associate_profiles.Rd:12): Warning: missing </ul> before </div> wellarchitected_create_lens_share.html:56:1 (wellarchitected_create_lens_share.Rd:14): Warning: missing </ul> before </div> wellarchitected_create_lens_version.html:65:1 (wellarchitected_create_lens_version.Rd:21): Warning: missing </ul> before </div> wellarchitected_create_milestone.html:56:1 (wellarchitected_create_milestone.Rd:14): Warning: missing </ul> before </div> wellarchitected_create_profile.html:70:1 (wellarchitected_create_profile.Rd:24): Warning: missing </ul> before </div> wellarchitected_create_profile_share.html:60:1 (wellarchitected_create_profile_share.Rd:18): Warning: missing </ul> before </div> wellarchitected_create_review_template.html:74:1 (wellarchitected_create_review_template.Rd:27): Warning: missing </ul> before </div> wellarchitected_create_template_share.html:60:1 (wellarchitected_create_template_share.Rd:18): Warning: missing </ul> before </div> wellarchitected_create_workload.html:137:1 (wellarchitected_create_workload.Rd:70): Warning: missing </ul> before </div> wellarchitected_create_workload_share.html:65:1 (wellarchitected_create_workload_share.Rd:21): Warning: missing </ul> before </div> wellarchitected_delete_lens.html:56:1 (wellarchitected_delete_lens.Rd:14): Warning: missing </ul> before </div> wellarchitected_delete_lens_share.html:56:1 (wellarchitected_delete_lens_share.Rd:14): Warning: missing </ul> before </div> wellarchitected_delete_profile.html:52:1 (wellarchitected_delete_profile.Rd:12): Warning: missing </ul> before </div> wellarchitected_delete_profile_share.html:56:1 (wellarchitected_delete_profile_share.Rd:14): Warning: missing </ul> before </div> wellarchitected_delete_review_template.html:52:1 (wellarchitected_delete_review_template.Rd:12): Warning: missing </ul> before </div> wellarchitected_delete_template_share.html:56:1 (wellarchitected_delete_template_share.Rd:14): Warning: missing </ul> before </div> wellarchitected_delete_workload.html:52:1 (wellarchitected_delete_workload.Rd:12): Warning: missing </ul> before </div> wellarchitected_delete_workload_share.html:56:1 (wellarchitected_delete_workload_share.Rd:14): Warning: missing </ul> before </div> wellarchitected_disassociate_lenses.html:52:1 (wellarchitected_disassociate_lenses.Rd:12): Warning: missing </ul> before </div> wellarchitected_disassociate_profiles.html:52:1 (wellarchitected_disassociate_profiles.Rd:12): Warning: missing </ul> before </div> wellarchitected_export_lens.html:52:1 (wellarchitected_export_lens.Rd:12): Warning: missing </ul> before </div> wellarchitected_get_answer.html:64:1 (wellarchitected_get_answer.Rd:21): Warning: missing </ul> before </div> wellarchitected_get_consolidated_report.html:67:1 (wellarchitected_get_consolidated_report.Rd:24): Warning: missing </ul> before </div> wellarchitected_get_lens.html:52:1 (wellarchitected_get_lens.Rd:12): Warning: missing </ul> before </div> wellarchitected_get_lens_review.html:55:1 (wellarchitected_get_lens_review.Rd:14): Warning: missing </ul> before </div> wellarchitected_get_lens_review_report.html:59:1 (wellarchitected_get_lens_review_report.Rd:18): Warning: missing </ul> before </div> wellarchitected_get_lens_version_difference.html:60:1 (wellarchitected_get_lens_version_difference.Rd:18): Warning: missing </ul> before </div> wellarchitected_get_milestone.html:52:1 (wellarchitected_get_milestone.Rd:12): Warning: missing </ul> before </div> wellarchitected_get_profile.html:52:1 (wellarchitected_get_profile.Rd:12): Warning: missing </ul> before </div> wellarchitected_get_review_template.html:48:1 (wellarchitected_get_review_template.Rd:10): Warning: missing </ul> before </div> wellarchitected_get_review_template_answer.html:56:1 (wellarchitected_get_review_template_answer.Rd:14): Warning: missing </ul> before </div> wellarchitected_get_review_template_lens_review.html:52:1 (wellarchitected_get_review_template_lens_review.Rd:12): Warning: missing </ul> before </div> wellarchitected_get_workload.html:48:1 (wellarchitected_get_workload.Rd:10): Warning: missing </ul> before </div> wellarchitected_import_lens.html:64:1 (wellarchitected_import_lens.Rd:21): Warning: missing </ul> before </div> wellarchitected_list_answers.html:77:1 (wellarchitected_list_answers.Rd:30): Warning: missing </ul> before </div> wellarchitected_list_check_details.html:78:1 (wellarchitected_list_check_details.Rd:30): Warning: missing </ul> before </div> wellarchitected_list_check_summaries.html:79:1 (wellarchitected_list_check_summaries.Rd:31): Warning: missing </ul> before </div> wellarchitected_list_lens_review_improvements.html:77:1 (wellarchitected_list_lens_review_improvements.Rd:30): Warning: missing </ul> before </div> wellarchitected_list_lens_reviews.html:62:1 (wellarchitected_list_lens_reviews.Rd:21): Warning: missing </ul> before </div> wellarchitected_list_lens_shares.html:69:1 (wellarchitected_list_lens_shares.Rd:25): Warning: missing </ul> before </div> wellarchitected_list_lenses.html:67:1 (wellarchitected_list_lenses.Rd:24): Warning: missing </ul> before </div> wellarchitected_list_milestones.html:58:1 (wellarchitected_list_milestones.Rd:18): Warning: missing </ul> before </div> wellarchitected_list_notifications.html:65:1 (wellarchitected_list_notifications.Rd:23): Warning: missing </ul> before </div> wellarchitected_list_profile_notifications.html:57:1 (wellarchitected_list_profile_notifications.Rd:18): Warning: missing </ul> before </div> wellarchitected_list_profile_shares.html:69:1 (wellarchitected_list_profile_shares.Rd:25): Warning: missing </ul> before </div> wellarchitected_list_profiles.html:64:1 (wellarchitected_list_profiles.Rd:22): Warning: missing </ul> before </div> wellarchitected_list_review_template_answers.html:68:1 (wellarchitected_list_review_template_answers.Rd:24): Warning: missing </ul> before </div> wellarchitected_list_review_templates.html:50:1 (wellarchitected_list_review_templates.Rd:12): Warning: missing </ul> before </div> wellarchitected_list_share_invitations.html:81:1 (wellarchitected_list_share_invitations.Rd:33): Warning: missing </ul> before </div> wellarchitected_list_tags_for_resource.html:48:1 (wellarchitected_list_tags_for_resource.Rd:10): Warning: missing </ul> before </div> wellarchitected_list_template_shares.html:69:1 (wellarchitected_list_template_shares.Rd:25): Warning: missing </ul> before </div> wellarchitected_list_workload_shares.html:69:1 (wellarchitected_list_workload_shares.Rd:25): Warning: missing </ul> before </div> wellarchitected_list_workloads.html:58:1 (wellarchitected_list_workloads.Rd:18): Warning: missing </ul> before </div> wellarchitected_tag_resource.html:52:1 (wellarchitected_tag_resource.Rd:12): Warning: missing </ul> before </div> wellarchitected_untag_resource.html:53:1 (wellarchitected_untag_resource.Rd:13): Warning: missing </ul> before </div> wellarchitected_update_answer.html:83:1 (wellarchitected_update_answer.Rd:34): Warning: missing </ul> before </div> wellarchitected_update_global_settings.html:61:1 (wellarchitected_update_global_settings.Rd:19): Warning: missing </ul> before </div> wellarchitected_update_integration.html:60:1 (wellarchitected_update_integration.Rd:18): Warning: missing </ul> before </div> wellarchitected_update_lens_review.html:68:1 (wellarchitected_update_lens_review.Rd:24): Warning: missing </ul> before </div> wellarchitected_update_profile.html:60:1 (wellarchitected_update_profile.Rd:18): Warning: missing </ul> before </div> wellarchitected_update_review_template.html:75:1 (wellarchitected_update_review_template.Rd:28): Warning: missing </ul> before </div> wellarchitected_update_review_template_answer.html:82:1 (wellarchitected_update_review_template_answer.Rd:33): Warning: missing </ul> before </div> wellarchitected_update_review_template_lens_review.html:63:1 (wellarchitected_update_review_template_lens_review.Rd:21): Warning: missing </ul> before </div> wellarchitected_update_share_invitation.html:55:1 (wellarchitected_update_share_invitation.Rd:15): Warning: missing </ul> before </div> wellarchitected_update_workload.html:128:1 (wellarchitected_update_workload.Rd:69): Warning: missing </ul> before </div> wellarchitected_update_workload_share.html:56:1 (wellarchitected_update_workload_share.Rd:14): Warning: missing </ul> before </div> wellarchitected_upgrade_lens_review.html:64:1 (wellarchitected_upgrade_lens_review.Rd:21): Warning: missing </ul> before </div> wellarchitected_upgrade_profile_version.html:63:1 (wellarchitected_upgrade_profile_version.Rd:21): Warning: missing </ul> before </div> wellarchitected_upgrade_review_template_lens_review.html:59:1 (wellarchitected_upgrade_review_template_lens_review.Rd:18): Warning: missing </ul> before </div> xray_batch_get_traces.html:53:1 (xray_batch_get_traces.Rd:13): Warning: missing </ul> before </div> xray_cancel_trace_retrieval.html:49:1 (xray_cancel_trace_retrieval.Rd:11): Warning: missing </ul> before </div> xray_create_group.html:105:1 (xray_create_group.Rd:43): Warning: missing </ul> before </div> xray_create_sampling_rule.html:81:1 (xray_create_sampling_rule.Rd:28): Warning: missing </ul> before </div> xray_delete_group.html:52:1 (xray_delete_group.Rd:12): Warning: missing </ul> before </div> xray_delete_resource_policy.html:55:1 (xray_delete_resource_policy.Rd:15): Warning: missing </ul> before </div> xray_delete_sampling_rule.html:54:1 (xray_delete_sampling_rule.Rd:14): Warning: missing </ul> before </div> xray_get_group.html:52:1 (xray_get_group.Rd:12): Warning: missing </ul> before </div> xray_get_groups.html:48:1 (xray_get_groups.Rd:10): Warning: missing </ul> before </div> xray_get_indexing_rules.html:49:1 (xray_get_indexing_rules.Rd:11): Warning: missing </ul> before </div> xray_get_insight.html:49:1 (xray_get_insight.Rd:11): Warning: missing </ul> before </div> xray_get_insight_events.html:59:1 (xray_get_insight_events.Rd:17): Warning: missing </ul> before </div> xray_get_insight_impact_graph.html:66:1 (xray_get_insight_impact_graph.Rd:22): Warning: missing </ul> before </div> xray_get_insight_summaries.html:84:1 (xray_get_insight_summaries.Rd:34): Warning: missing </ul> before </div> xray_get_retrieved_traces_graph.html:55:1 (xray_get_retrieved_traces_graph.Rd:15): Warning: missing </ul> before </div> xray_get_sampling_rules.html:48:1 (xray_get_sampling_rules.Rd:10): Warning: missing </ul> before </div> xray_get_sampling_statistic_summaries.html:49:1 (xray_get_sampling_statistic_summaries.Rd:11): Warning: missing </ul> before </div> xray_get_sampling_targets.html:49:1 (xray_get_sampling_targets.Rd:11): Warning: missing </ul> before </div> xray_get_service_graph.html:72:1 (xray_get_service_graph.Rd:26): Warning: missing </ul> before </div> xray_get_time_series_service_statistics.html:90:1 (xray_get_time_series_service_statistics.Rd:38): Warning: missing </ul> before </div> xray_get_trace_graph.html:52:1 (xray_get_trace_graph.Rd:12): Warning: missing </ul> before </div> xray_get_trace_summaries.html:85:1 (xray_get_trace_summaries.Rd:35): Warning: missing </ul> before </div> xray_list_resource_policies.html:49:1 (xray_list_resource_policies.Rd:11): Warning: missing </ul> before </div> xray_list_retrieved_traces.html:62:1 (xray_list_retrieved_traces.Rd:20): Warning: missing </ul> before </div> xray_list_tags_for_resource.html:55:1 (xray_list_tags_for_resource.Rd:15): Warning: missing </ul> before </div> xray_put_encryption_config.html:72:1 (xray_put_encryption_config.Rd:25): Warning: missing </ul> before </div> xray_put_resource_policy.html:86:1 (xray_put_resource_policy.Rd:42): Warning: missing </ul> before </div> xray_put_telemetry_records.html:62:1 (xray_put_telemetry_records.Rd:21): Warning: missing </ul> before </div> xray_put_trace_segments.html:49:1 (xray_put_trace_segments.Rd:11): Warning: missing </ul> before </div> xray_start_trace_retrieval.html:62:1 (xray_start_trace_retrieval.Rd:20): Warning: missing </ul> before </div> xray_tag_resource.html:81:1 (xray_tag_resource.Rd:28): Warning: missing </ul> before </div> xray_untag_resource.html:53:1 (xray_untag_resource.Rd:13): Warning: missing </ul> before </div> xray_update_group.html:78:1 (xray_update_group.Rd:29): Warning: missing </ul> before </div> xray_update_indexing_rule.html:52:1 (xray_update_indexing_rule.Rd:12): Warning: missing </ul> before </div> xray_update_sampling_rule.html:48:1 (xray_update_sampling_rule.Rd:10): Warning: missing </ul> before </div> xray_update_trace_segment_destination.html:48:1 (xray_update_trace_segment_destination.Rd:10): Warning: missing </ul> before </div> Flavors: r-devel-linux-x86_64-debian-clang, r-devel-linux-x86_64-debian-gcc