Last updated on 2025-07-27 08:48:36 CEST.
Flavor | Version | Tinstall | Tcheck | Ttotal | Status | Flags |
---|---|---|---|---|---|---|
r-devel-linux-x86_64-debian-clang | 0.9.0 | 100.36 | 242.85 | 343.21 | OK | |
r-devel-linux-x86_64-debian-gcc | 0.9.0 | 54.57 | 166.03 | 220.60 | OK | |
r-devel-linux-x86_64-fedora-clang | 0.9.0 | 509.40 | OK | |||
r-devel-linux-x86_64-fedora-gcc | 0.9.0 | 526.40 | OK | |||
r-devel-windows-x86_64 | 0.9.0 | 93.00 | 433.00 | 526.00 | OK | |
r-patched-linux-x86_64 | 0.9.0 | 109.10 | 226.74 | 335.84 | OK | |
r-release-linux-x86_64 | 0.9.0 | 95.06 | 226.17 | 321.23 | OK | |
r-release-macos-arm64 | 0.9.0 | 142.00 | OK | |||
r-release-macos-x86_64 | 0.9.0 | 281.00 | OK | |||
r-release-windows-x86_64 | 0.9.0 | 94.00 | 415.00 | 509.00 | OK | |
r-oldrel-macos-arm64 | 0.9.0 | 127.00 | NOTE | |||
r-oldrel-macos-x86_64 | 0.9.0 | 238.00 | NOTE | |||
r-oldrel-windows-x86_64 | 0.9.0 | 131.00 | 503.00 | 634.00 | OK |
Version: 0.9.0
Check: installed package size
Result: NOTE
installed size is 5.5Mb
sub-directories of 1Mb or more:
R 3.1Mb
help 2.3Mb
Flavors: r-oldrel-macos-arm64, r-oldrel-macos-x86_64