Last updated on 2025-07-20 11:50:09 CEST.
Flavor | Version | Tinstall | Tcheck | Ttotal | Status | Flags |
---|---|---|---|---|---|---|
r-devel-linux-x86_64-debian-clang | 0.1.8 | 12.53 | 313.10 | 325.63 | NOTE | |
r-devel-linux-x86_64-debian-gcc | 0.1.8 | 7.93 | 186.76 | 194.69 | NOTE | |
r-devel-linux-x86_64-fedora-clang | 0.1.8 | 510.12 | OK | |||
r-devel-linux-x86_64-fedora-gcc | 0.1.8 | 483.42 | OK | |||
r-devel-windows-x86_64 | 0.1.8 | 13.00 | 295.00 | 308.00 | NOTE | |
r-patched-linux-x86_64 | 0.1.8 | 10.81 | 296.48 | 307.29 | NOTE | |
r-release-linux-x86_64 | 0.1.8 | 11.58 | 294.17 | 305.75 | NOTE | |
r-release-macos-arm64 | 0.1.8 | 127.00 | OK | |||
r-release-macos-x86_64 | 0.1.8 | 283.00 | OK | |||
r-release-windows-x86_64 | 0.1.8 | 13.00 | 296.00 | 309.00 | NOTE | |
r-oldrel-macos-arm64 | 0.1.8 | 131.00 | OK | |||
r-oldrel-macos-x86_64 | 0.1.8 | 200.00 | OK | |||
r-oldrel-windows-x86_64 | 0.1.8 | 17.00 | 386.00 | 403.00 | OK |
Version: 0.1.8
Check: Rd cross-references
Result: NOTE
Found the following Rd file(s) with Rd \link{} targets missing package
anchors:
perProb.Rd: pMvdc
Please provide package anchors for all Rd \link{} targets not in the
package itself and the base packages.
Flavors: r-devel-linux-x86_64-debian-clang, r-devel-linux-x86_64-debian-gcc, r-devel-windows-x86_64, r-patched-linux-x86_64, r-release-linux-x86_64, r-release-windows-x86_64