Last updated on 2025-10-24 04:51:02 CEST.
| Flavor | Version | Tinstall | Tcheck | Ttotal | Status | Flags |
|---|---|---|---|---|---|---|
| r-devel-linux-x86_64-debian-clang | 0.1.8 | 34.86 | 318.21 | 353.07 | OK | |
| r-devel-linux-x86_64-debian-gcc | 0.1.8 | 22.70 | 237.24 | 259.94 | OK | |
| r-devel-linux-x86_64-fedora-clang | 0.1.8 | 200.00 | 383.58 | 583.58 | OK | |
| r-devel-linux-x86_64-fedora-gcc | 0.1.8 | 82.00 | 433.54 | 515.54 | OK | |
| r-devel-windows-x86_64 | 0.1.8 | 34.00 | 374.00 | 408.00 | OK | |
| r-patched-linux-x86_64 | 0.1.8 | 49.77 | 307.78 | 357.55 | OK | |
| r-release-linux-x86_64 | 0.1.8 | 36.80 | 305.93 | 342.73 | OK | |
| r-release-macos-arm64 | 0.1.8 | 34.00 | 157.00 | 191.00 | OK | |
| r-release-macos-x86_64 | 0.1.8 | 44.00 | 311.00 | 355.00 | OK | |
| r-release-windows-x86_64 | 0.1.8 | 42.00 | 306.00 | 348.00 | OK | |
| r-oldrel-macos-arm64 | 0.1.8 | 38.00 | 161.00 | 199.00 | NOTE | |
| r-oldrel-macos-x86_64 | 0.1.8 | 32.00 | 337.00 | 369.00 | NOTE | |
| r-oldrel-windows-x86_64 | 0.1.8 | 48.00 | 363.00 | 411.00 | OK |
Version: 0.1.8
Check: installed package size
Result: NOTE
installed size is 5.4Mb
sub-directories of 1Mb or more:
R 2.0Mb
doc 1.7Mb
help 1.4Mb
Flavors: r-oldrel-macos-arm64, r-oldrel-macos-x86_64