Last updated on 2025-10-22 05:51:21 CEST.
Flavor | Version | Tinstall | Tcheck | Ttotal | Status | Flags |
---|---|---|---|---|---|---|
r-devel-linux-x86_64-debian-clang | 0.15.8 | 37.39 | 228.26 | 265.65 | NOTE | |
r-devel-linux-x86_64-debian-gcc | 0.15.8 | 24.69 | 157.97 | 182.66 | NOTE | |
r-devel-linux-x86_64-fedora-clang | 0.15.8 | 87.00 | 308.85 | 395.85 | OK | |
r-devel-linux-x86_64-fedora-gcc | 0.15.8 | 74.00 | 321.09 | 395.09 | OK | |
r-devel-windows-x86_64 | 0.15.8 | 37.00 | 252.00 | 289.00 | OK | |
r-patched-linux-x86_64 | 0.15.8 | 42.89 | 216.00 | 258.89 | OK | |
r-release-linux-x86_64 | 0.15.8 | 38.52 | 217.46 | 255.98 | OK | |
r-release-macos-arm64 | 0.15.8 | 18.00 | 100.00 | 118.00 | OK | |
r-release-macos-x86_64 | 0.15.8 | 33.00 | 228.00 | 261.00 | OK | |
r-release-windows-x86_64 | 0.15.8 | 40.00 | 237.00 | 277.00 | OK | |
r-oldrel-macos-arm64 | 0.15.8 | 18.00 | 89.00 | 107.00 | OK | |
r-oldrel-macos-x86_64 | 0.15.8 | 71.00 | 294.00 | 365.00 | OK | |
r-oldrel-windows-x86_64 | 0.15.8 | 54.00 | 304.00 | 358.00 | OK |
Version: 0.15.8
Check: HTML version of manual
Result: NOTE
Found the following HTML validation problems:
PeriodicTS_ts-class.html:34:1 (PeriodicTS_ts-class.Rd:17): Warning: <h3> anchor "Objects-from-the-Class" already defined
Flavors: r-devel-linux-x86_64-debian-clang, r-devel-linux-x86_64-debian-gcc