CRAN Package Check Results for Package pcv

Last updated on 2025-10-22 05:51:21 CEST.

Flavor Version Tinstall Tcheck Ttotal Status Flags
r-devel-linux-x86_64-debian-clang 1.1.0 2.23 26.94 29.17 NOTE
r-devel-linux-x86_64-debian-gcc 1.1.0 1.56 22.42 23.98 NOTE
r-devel-linux-x86_64-fedora-clang 1.1.0 40.08 NOTE
r-devel-linux-x86_64-fedora-gcc 1.1.0 36.41 NOTE
r-devel-windows-x86_64 1.1.0 3.00 46.00 49.00 NOTE
r-patched-linux-x86_64 1.1.0 2.23 24.52 26.75 NOTE
r-release-linux-x86_64 1.1.0 2.04 24.49 26.53 NOTE
r-release-macos-arm64 1.1.0 1.00 18.00 19.00 NOTE
r-release-macos-x86_64 1.1.0 2.00 27.00 29.00 NOTE
r-release-windows-x86_64 1.1.0 4.00 47.00 51.00 NOTE
r-oldrel-macos-arm64 1.1.0 1.00 14.00 15.00 NOTE
r-oldrel-macos-x86_64 1.1.0 2.00 22.00 24.00 NOTE
r-oldrel-windows-x86_64 1.1.0 4.00 52.00 56.00 NOTE

Check Details

Version: 1.1.0
Check: Rd files
Result: NOTE checkRd: (-1) pcvpcr.Rd:42: Lost braces; missing escapes or markup? 42 | set {X, y} and cross-validation. | ^ checkRd: (-1) pcvpls.Rd:42: Lost braces; missing escapes or markup? 42 | set {X, y} and cross-validation. | ^ Flavors: r-devel-linux-x86_64-debian-clang, r-devel-linux-x86_64-debian-gcc, r-devel-linux-x86_64-fedora-clang, r-devel-linux-x86_64-fedora-gcc, r-devel-windows-x86_64, r-patched-linux-x86_64, r-release-linux-x86_64, r-release-macos-arm64, r-release-macos-x86_64, r-release-windows-x86_64, r-oldrel-macos-arm64, r-oldrel-macos-x86_64, r-oldrel-windows-x86_64

Version: 1.1.0
Check: HTML version of manual
Result: NOTE Found the following HTML validation problems: getCrossvalParams.html:50:1 (getCrossvalParams.Rd:12): Warning: missing </ul> before </div> normalize.html:58:1 (normalize.Rd:18): Warning: missing </ul> before </div> pcvreg.html:84:1 (pcvreg.Rd:34): Warning: missing </ul> before </div> Flavors: r-devel-linux-x86_64-debian-clang, r-devel-linux-x86_64-debian-gcc