Last updated on 2025-10-22 05:51:21 CEST.
Flavor | Version | Tinstall | Tcheck | Ttotal | Status | Flags |
---|---|---|---|---|---|---|
r-devel-linux-x86_64-debian-clang | 0.4.3 | 4.73 | 55.38 | 60.11 | NOTE | |
r-devel-linux-x86_64-debian-gcc | 0.4.3 | 3.98 | 40.66 | 44.64 | NOTE | |
r-devel-linux-x86_64-fedora-clang | 0.4.3 | 12.00 | 73.50 | 85.50 | OK | |
r-devel-linux-x86_64-fedora-gcc | 0.4.3 | 13.00 | 82.81 | 95.81 | OK | |
r-devel-windows-x86_64 | 0.4.3 | 6.00 | 72.00 | 78.00 | OK | |
r-patched-linux-x86_64 | 0.4.3 | 4.98 | 51.13 | 56.11 | OK | |
r-release-linux-x86_64 | 0.4.3 | 5.02 | 51.31 | 56.33 | OK | |
r-release-macos-arm64 | 0.4.3 | 3.00 | 34.00 | 37.00 | OK | |
r-release-macos-x86_64 | 0.4.3 | 4.00 | 74.00 | 78.00 | OK | |
r-release-windows-x86_64 | 0.4.3 | 9.00 | 69.00 | 78.00 | OK | |
r-oldrel-macos-arm64 | 0.4.3 | 2.00 | 40.00 | 42.00 | OK | |
r-oldrel-macos-x86_64 | 0.4.3 | 4.00 | 74.00 | 78.00 | OK | |
r-oldrel-windows-x86_64 | 0.4.3 | 9.00 | 84.00 | 93.00 | OK |
Version: 0.4.3
Check: HTML version of manual
Result: NOTE
Found the following HTML validation problems:
extract_tables.html:107:1 (extract_tables.Rd:55): Warning: missing </ul> before </div>
format_text.html:100:1 (format_text.Rd:50): Warning: missing </ul> before </div>
Flavors: r-devel-linux-x86_64-debian-clang, r-devel-linux-x86_64-debian-gcc